Last updated on 2023-03-29 04:51:09 CEST.
Flavor | Version | Tinstall | Tcheck | Ttotal | Status | Flags |
---|---|---|---|---|---|---|
r-devel-linux-x86_64-debian-clang | 0.1.1 | 1.85 | 32.95 | 34.80 | OK | |
r-devel-linux-x86_64-debian-gcc | 0.1.1 | 1.74 | 25.70 | 27.44 | OK | |
r-devel-linux-x86_64-fedora-clang | 0.1.1 | 44.65 | NOTE | |||
r-devel-linux-x86_64-fedora-gcc | 0.1.1 | 52.70 | NOTE | |||
r-devel-windows-x86_64 | 0.1.1 | 22.00 | 71.00 | 93.00 | OK | |
r-patched-linux-x86_64 | 0.1.1 | 1.62 | 32.01 | 33.63 | OK | |
r-release-linux-x86_64 | 0.1.1 | 1.61 | 33.15 | 34.76 | OK | |
r-release-macos-arm64 | 0.1.1 | 21.00 | NOTE | |||
r-release-macos-x86_64 | 0.1.1 | 28.00 | NOTE | |||
r-release-windows-x86_64 | 0.1.1 | 29.00 | 65.00 | 94.00 | OK | |
r-oldrel-macos-arm64 | 0.1.1 | 28.00 | NOTE | |||
r-oldrel-macos-x86_64 | 0.1.1 | 32.00 | NOTE | |||
r-oldrel-windows-ix86+x86_64 | 0.1.1 | 5.00 | 58.00 | 63.00 | OK |
Version: 0.1.1
Check: data for non-ASCII characters
Result: NOTE
Note: found 149 marked UTF-8 strings
Flavors: r-devel-linux-x86_64-fedora-clang, r-devel-linux-x86_64-fedora-gcc, r-release-macos-arm64, r-release-macos-x86_64, r-oldrel-macos-arm64, r-oldrel-macos-x86_64