CRAN Package Check Results for Package DrugClust

Last updated on 2022-09-30 04:59:07 CEST.

Flavor Version Tinstall Tcheck Ttotal Status Flags
r-devel-linux-x86_64-debian-clang 0.2 3.26 30.35 33.61 NOTE
r-devel-linux-x86_64-debian-gcc 0.2 1.78 23.37 25.15 NOTE
r-devel-linux-x86_64-fedora-clang 0.2 56.33 NOTE
r-devel-linux-x86_64-fedora-gcc 0.2 52.17 NOTE
r-devel-windows-x86_64 0.2 24.00 63.00 87.00 NOTE
r-patched-linux-x86_64 0.2 2.22 28.74 30.96 NOTE
r-release-linux-x86_64 0.2 2.76 28.43 31.19 NOTE
r-release-macos-arm64 0.2 18.00 NOTE
r-release-macos-x86_64 0.2 33.00 NOTE
r-release-windows-x86_64 0.2 19.00 58.00 77.00 NOTE
r-oldrel-macos-arm64 0.2 20.00 NOTE
r-oldrel-macos-x86_64 0.2 29.00 NOTE
r-oldrel-windows-ix86+x86_64 0.2 10.00 53.00 63.00 NOTE

Check Details

Version: 0.2
Check: LazyData
Result: NOTE
     'LazyData' is specified without a 'data' directory
Flavors: r-devel-linux-x86_64-debian-clang, r-devel-linux-x86_64-debian-gcc, r-devel-linux-x86_64-fedora-clang, r-devel-linux-x86_64-fedora-gcc, r-devel-windows-x86_64, r-patched-linux-x86_64, r-release-linux-x86_64, r-release-macos-arm64, r-release-macos-x86_64, r-release-windows-x86_64, r-oldrel-macos-arm64, r-oldrel-macos-x86_64, r-oldrel-windows-ix86+x86_64