CRAN Package Check Results for Package EAinference

Last updated on 2024-02-24 03:52:33 CET.

Flavor Version Tinstall Tcheck Ttotal Status Flags
r-devel-linux-x86_64-debian-clang 0.2.3 36.84 243.20 280.04 NOTE
r-devel-linux-x86_64-debian-gcc 0.2.3 33.35 181.60 214.95 NOTE
r-devel-linux-x86_64-fedora-clang 0.2.3 367.21 NOTE
r-devel-linux-x86_64-fedora-gcc 0.2.3 376.77 NOTE
r-devel-windows-x86_64 0.2.3 34.00 225.00 259.00 NOTE
r-patched-linux-x86_64 0.2.3 45.60 233.16 278.76 NOTE
r-release-linux-x86_64 0.2.3 37.85 232.04 269.89 NOTE
r-release-macos-arm64 0.2.3 96.00 NOTE
r-release-macos-x86_64 0.2.3 165.00 NOTE
r-release-windows-x86_64 0.2.3 44.00 276.00 320.00 NOTE
r-oldrel-macos-arm64 0.2.3 77.00 NOTE
r-oldrel-windows-x86_64 0.2.3 40.00 271.00 311.00 NOTE

Check Details

Version: 0.2.3
Check: Rd files
Result: NOTE checkRd: (-1) MHLS.Rd:48-51: Lost braces in \itemize; meant \describe ? checkRd: (-1) MHLS.Rd:52: Lost braces in \itemize; meant \describe ? checkRd: (-1) MHLS.Rd:53-54: Lost braces in \itemize; meant \describe ? checkRd: (-1) MHLS.Rd:55-56: Lost braces in \itemize; meant \describe ? checkRd: (-1) MHLS.Rd:75: Lost braces; missing escapes or markup? 75 | From the initial values, \code{B0} and {S0}, \code{\link{MHLS}} draws \code{beta} and \code{subgrad} samples. | ^ Flavors: r-devel-linux-x86_64-debian-clang, r-devel-linux-x86_64-debian-gcc, r-devel-linux-x86_64-fedora-clang, r-devel-linux-x86_64-fedora-gcc

Version: 0.2.3
Check: LazyData
Result: NOTE 'LazyData' is specified without a 'data' directory Flavors: r-devel-linux-x86_64-debian-clang, r-devel-linux-x86_64-debian-gcc, r-devel-linux-x86_64-fedora-clang, r-devel-linux-x86_64-fedora-gcc, r-devel-windows-x86_64, r-patched-linux-x86_64, r-release-linux-x86_64, r-release-macos-arm64, r-release-macos-x86_64, r-release-windows-x86_64, r-oldrel-macos-arm64, r-oldrel-windows-x86_64