CRAN Package Check Results for Package EAinference

Last updated on 2023-01-31 04:06:17 CET.

Flavor Version Tinstall Tcheck Ttotal Status Flags
r-devel-linux-x86_64-debian-clang 0.2.3 41.11 238.26 279.37 NOTE
r-devel-linux-x86_64-debian-gcc 0.2.3 31.29 182.02 213.31 NOTE
r-devel-linux-x86_64-fedora-clang 0.2.3 379.51 NOTE
r-devel-linux-x86_64-fedora-gcc 0.2.3 355.93 NOTE
r-devel-windows-x86_64 0.2.3 54.00 313.00 367.00 NOTE
r-patched-linux-x86_64 0.2.3 33.43 233.71 267.14 NOTE
r-release-linux-x86_64 0.2.3 34.91 230.69 265.60 NOTE
r-release-macos-arm64 0.2.3 77.00 NOTE
r-release-macos-x86_64 0.2.3 117.00 NOTE
r-release-windows-x86_64 0.2.3 49.00 311.00 360.00 NOTE
r-oldrel-macos-arm64 0.2.3 93.00 NOTE
r-oldrel-macos-x86_64 0.2.3 145.00 NOTE
r-oldrel-windows-ix86+x86_64 0.2.3 93.00 440.00 533.00 NOTE

Check Details

Version: 0.2.3
Check: LazyData
Result: NOTE
     'LazyData' is specified without a 'data' directory
Flavors: r-devel-linux-x86_64-debian-clang, r-devel-linux-x86_64-debian-gcc, r-devel-linux-x86_64-fedora-clang, r-devel-linux-x86_64-fedora-gcc, r-devel-windows-x86_64, r-patched-linux-x86_64, r-release-linux-x86_64, r-release-macos-arm64, r-release-macos-x86_64, r-release-windows-x86_64, r-oldrel-macos-arm64, r-oldrel-macos-x86_64, r-oldrel-windows-ix86+x86_64