CRAN Package Check Results for Package EHRtemporalVariability

Last updated on 2022-12-07 03:57:22 CET.

Flavor Version Tinstall Tcheck Ttotal Status Flags
r-devel-linux-x86_64-debian-clang 1.1.4 9.49 113.43 122.92 OK
r-devel-linux-x86_64-debian-gcc 1.1.4 6.46 86.88 93.34 OK
r-devel-linux-x86_64-fedora-clang 1.1.4 159.77 NOTE
r-devel-linux-x86_64-fedora-gcc 1.1.4 167.76 OK
r-devel-windows-x86_64 1.1.4 83.00 159.00 242.00 NOTE
r-patched-linux-x86_64 1.1.4 7.88 106.38 114.26 OK
r-release-linux-x86_64 1.1.4 8.44 107.09 115.53 OK
r-release-macos-arm64 1.1.4 61.00 NOTE
r-release-macos-x86_64 1.1.4 83.00 NOTE
r-release-windows-x86_64 1.1.4 82.00 173.00 255.00 NOTE
r-oldrel-macos-arm64 1.1.4 259.00 NOTE
r-oldrel-macos-x86_64 1.1.4 87.00 NOTE
r-oldrel-windows-ix86+x86_64 1.1.4 21.00 250.00 271.00 NOTE

Check Details

Version: 1.1.4
Check: installed package size
Result: NOTE
     installed size is 11.5Mb
     sub-directories of 1Mb or more:
     doc 6.1Mb
     extdata 5.1Mb
Flavors: r-devel-linux-x86_64-fedora-clang, r-devel-windows-x86_64, r-release-macos-arm64, r-release-macos-x86_64, r-release-windows-x86_64, r-oldrel-macos-arm64, r-oldrel-macos-x86_64, r-oldrel-windows-ix86+x86_64

Version: 1.1.4
Check: package dependencies
Result: NOTE
    Package suggested but not available for checking: ‘BiocStyle’
Flavor: r-oldrel-macos-arm64