Last updated on 2023-10-02 05:06:36 CEST.
Flavor | Version | Tinstall | Tcheck | Ttotal | Status | Flags |
---|---|---|---|---|---|---|
r-devel-linux-x86_64-debian-clang | 0.5.1 | 38.75 | 110.45 | 149.20 | NOTE | |
r-devel-linux-x86_64-debian-gcc | 0.5.1 | 27.85 | 85.03 | 112.88 | NOTE | |
r-devel-linux-x86_64-fedora-clang | 0.5.1 | 197.60 | NOTE | |||
r-devel-linux-x86_64-fedora-gcc | 0.5.1 | 228.35 | NOTE | |||
r-devel-windows-x86_64 | 0.5.1 | 33.00 | 124.00 | 157.00 | NOTE | |
r-patched-linux-x86_64 | 0.5.1 | 43.46 | 109.43 | 152.89 | NOTE | |
r-release-linux-x86_64 | 0.5.1 | 34.53 | 109.04 | 143.57 | NOTE | |
r-release-macos-arm64 | 0.5.1 | 72.00 | NOTE | |||
r-release-macos-x86_64 | 0.5.1 | 103.00 | NOTE | |||
r-release-windows-x86_64 | 0.5.1 | 40.00 | 161.00 | 201.00 | NOTE | |
r-oldrel-macos-arm64 | 0.5.1 | 72.00 | OK | |||
r-oldrel-macos-x86_64 | 0.5.1 | 82.00 | OK | |||
r-oldrel-windows-x86_64 | 0.5.1 | 37.00 | 143.00 | 180.00 | OK |
Version: 0.5.1
Check: Rd \usage sections
Result: NOTE
S3 methods shown with full name in documentation object 'ETAS-internal':
‘Smooth.catalog’
The \usage entries for S3 methods should use the \method markup and not
their full name.
See chapter ‘Writing R documentation files’ in the ‘Writing R
Extensions’ manual.
Flavors: r-devel-linux-x86_64-debian-clang, r-devel-linux-x86_64-debian-gcc, r-devel-linux-x86_64-fedora-clang, r-devel-linux-x86_64-fedora-gcc, r-devel-windows-x86_64, r-patched-linux-x86_64, r-release-linux-x86_64, r-release-macos-arm64, r-release-macos-x86_64, r-release-windows-x86_64