CRAN Package Check Results for Package EZtune

Last updated on 2022-11-26 03:58:07 CET.

Flavor Version Tinstall Tcheck Ttotal Status Flags
r-devel-linux-x86_64-debian-clang 3.1.1 4.50 448.82 453.32 OK
r-devel-linux-x86_64-debian-gcc 3.1.1 4.64 364.82 369.46 OK
r-devel-linux-x86_64-fedora-clang 3.1.1 458.26 NOTE
r-devel-linux-x86_64-fedora-gcc 3.1.1 529.41 NOTE
r-devel-windows-x86_64 3.1.1 17.00 450.00 467.00 OK
r-patched-linux-x86_64 3.1.1 OK
r-release-linux-x86_64 3.1.1 6.26 432.45 438.71 OK
r-release-macos-arm64 3.1.1 281.00 NOTE
r-release-macos-x86_64 3.1.1 194.00 NOTE
r-release-windows-x86_64 3.1.1 22.00 530.00 552.00 OK
r-oldrel-macos-arm64 3.1.1 286.00 NOTE
r-oldrel-macos-x86_64 3.1.1 258.00 NOTE
r-oldrel-windows-ix86+x86_64 3.1.1 13.00 439.00 452.00 OK

Check Details

Version: 3.1.1
Check: dependencies in R code
Result: NOTE
    Namespace in Imports field not imported from: ‘BiocStyle’
     All declared Imports should be used.
Flavors: r-devel-linux-x86_64-fedora-clang, r-devel-linux-x86_64-fedora-gcc, r-release-macos-arm64, r-release-macos-x86_64, r-oldrel-macos-arm64, r-oldrel-macos-x86_64