Last updated on 2022-08-07 04:53:36 CEST.
Flavor | Version | Tinstall | Tcheck | Ttotal | Status | Flags |
---|---|---|---|---|---|---|
r-devel-linux-x86_64-debian-clang | 1.8 | 6.51 | 71.33 | 77.84 | NOTE | |
r-devel-linux-x86_64-debian-gcc | 1.8 | 5.07 | 54.73 | 59.80 | NOTE | |
r-devel-linux-x86_64-fedora-clang | 1.8 | 107.29 | NOTE | |||
r-devel-linux-x86_64-fedora-gcc | 1.8 | 102.29 | NOTE | |||
r-devel-windows-x86_64 | 1.8 | 15.00 | 88.00 | 103.00 | OK | |
r-patched-linux-x86_64 | 1.8 | 6.84 | 68.93 | 75.77 | NOTE | |
r-release-linux-x86_64 | 1.8 | 5.88 | 67.41 | 73.29 | NOTE | |
r-release-macos-arm64 | 1.8 | 31.00 | OK | |||
r-release-macos-x86_64 | 1.8 | 53.00 | OK | |||
r-release-windows-x86_64 | 1.8 | 14.00 | 90.00 | 104.00 | OK | |
r-oldrel-macos-arm64 | 1.8 | 30.00 | OK | |||
r-oldrel-macos-x86_64 | 1.8 | 46.00 | OK | |||
r-oldrel-windows-ix86+x86_64 | 1.8 | 14.00 | 90.00 | 104.00 | OK |
Version: 1.8
Check: package dependencies
Result: NOTE
Package suggested but not available for checking: 'geoR'
Flavors: r-devel-linux-x86_64-debian-clang, r-devel-linux-x86_64-debian-gcc, r-devel-linux-x86_64-fedora-clang, r-devel-linux-x86_64-fedora-gcc, r-patched-linux-x86_64, r-release-linux-x86_64
Version: 1.8
Check: Rd cross-references
Result: NOTE
Unknown package 'geoR' in Rd xrefs
Flavors: r-devel-linux-x86_64-debian-clang, r-devel-linux-x86_64-debian-gcc, r-devel-linux-x86_64-fedora-clang, r-devel-linux-x86_64-fedora-gcc, r-patched-linux-x86_64, r-release-linux-x86_64