CRAN Package Check Results for Package Ecume

Last updated on 2022-08-10 04:53:59 CEST.

Flavor Version Tinstall Tcheck Ttotal Status Flags
r-devel-linux-x86_64-debian-clang 0.9.1 21.06 280.34 301.40 NOTE
r-devel-linux-x86_64-debian-gcc 0.9.1 17.12 281.75 298.87 NOTE
r-devel-linux-x86_64-fedora-clang 0.9.1 389.44 NOTE
r-devel-linux-x86_64-fedora-gcc 0.9.1 374.39 NOTE
r-devel-windows-x86_64 0.9.1 25.00 298.00 323.00 NOTE
r-patched-linux-x86_64 0.9.1 13.32 267.61 280.93 NOTE
r-release-linux-x86_64 0.9.1 NOTE
r-release-macos-arm64 0.9.1 140.00 NOTE
r-release-macos-x86_64 0.9.1 236.00 NOTE
r-release-windows-x86_64 0.9.1 26.00 304.00 330.00 NOTE
r-oldrel-macos-arm64 0.9.1 157.00 NOTE
r-oldrel-macos-x86_64 0.9.1 273.00 NOTE
r-oldrel-windows-ix86+x86_64 0.9.1 45.00 401.00 446.00 NOTE

Check Details

Version: 0.9.1
Check: LazyData
Result: NOTE
     'LazyData' is specified without a 'data' directory
Flavors: r-devel-linux-x86_64-debian-clang, r-devel-linux-x86_64-debian-gcc, r-devel-linux-x86_64-fedora-clang, r-devel-linux-x86_64-fedora-gcc, r-devel-windows-x86_64, r-patched-linux-x86_64, r-release-linux-x86_64, r-release-macos-arm64, r-release-macos-x86_64, r-release-windows-x86_64, r-oldrel-macos-arm64, r-oldrel-macos-x86_64, r-oldrel-windows-ix86+x86_64