Last updated on 2023-12-02 03:57:39 CET.
Flavor | Version | Tinstall | Tcheck | Ttotal | Status | Flags |
---|---|---|---|---|---|---|
r-devel-linux-x86_64-debian-clang | 0.1.3 | 16.21 | 148.93 | 165.14 | NOTE | |
r-devel-linux-x86_64-debian-gcc | 0.1.3 | 11.42 | 107.89 | 119.31 | NOTE | |
r-devel-linux-x86_64-fedora-clang | 0.1.3 | 197.05 | OK | |||
r-devel-linux-x86_64-fedora-gcc | 0.1.3 | 189.14 | OK | |||
r-devel-windows-x86_64 | 0.1.3 | 15.00 | 127.00 | 142.00 | OK | |
r-patched-linux-x86_64 | 0.1.3 | 14.75 | 139.23 | 153.98 | OK | |
r-release-linux-x86_64 | 0.1.3 | 10.12 | 139.35 | 149.47 | OK | |
r-release-macos-arm64 | 0.1.3 | 64.00 | OK | |||
r-release-macos-x86_64 | 0.1.3 | 103.00 | OK | |||
r-release-windows-x86_64 | 0.1.3 | 19.00 | 155.00 | 174.00 | OK | |
r-oldrel-macos-arm64 | 0.1.3 | 63.00 | OK | |||
r-oldrel-macos-x86_64 | 0.1.3 | 79.00 | OK | |||
r-oldrel-windows-x86_64 | 0.1.3 | 18.00 | 152.00 | 170.00 | OK |
Version: 0.1.3
Check: Rd files
Result: NOTE
checkRd: (-1) dist.evaluate.core.Rd:26: Lost braces; missing escapes or markup?
26 | the \code{names} column in {data} as labels. If \code{NULL} (default),
| ^
Flavors: r-devel-linux-x86_64-debian-clang, r-devel-linux-x86_64-debian-gcc