CRAN Package Check Results for Package Exact

Last updated on 2022-09-27 04:50:29 CEST.

Flavor Version Tinstall Tcheck Ttotal Status Flags
r-devel-linux-x86_64-debian-clang 3.1 5.18 42.49 47.67 NOTE
r-devel-linux-x86_64-debian-gcc 3.2 4.04 31.33 35.37 NOTE
r-devel-linux-x86_64-fedora-clang 3.2 72.36 NOTE
r-devel-linux-x86_64-fedora-gcc 3.2 72.17 NOTE
r-devel-windows-x86_64 3.2 19.00 68.00 87.00 NOTE
r-patched-linux-x86_64 3.1 4.63 40.91 45.54 NOTE
r-release-linux-x86_64 3.1 6.06 40.92 46.98 NOTE
r-release-macos-arm64 3.2 30.00 NOTE
r-release-macos-x86_64 3.1 28.00 NOTE
r-release-windows-x86_64 3.2 13.00 87.00 100.00 NOTE
r-oldrel-macos-arm64 3.1 41.00 NOTE
r-oldrel-macos-x86_64 3.1 31.00 NOTE
r-oldrel-windows-ix86+x86_64 3.1 10.00 55.00 65.00 NOTE

Check Details

Version: 3.1
Check: package dependencies
Result: NOTE
    Package suggested but not available for checking: 'ExactData'
Flavors: r-devel-linux-x86_64-debian-clang, r-patched-linux-x86_64, r-release-linux-x86_64, r-release-macos-x86_64, r-oldrel-macos-arm64, r-oldrel-macos-x86_64, r-oldrel-windows-ix86+x86_64

Version: 3.2
Check: package dependencies
Result: NOTE
    Package suggested but not available for checking: ‘ExactData’
Flavors: r-devel-linux-x86_64-debian-gcc, r-devel-linux-x86_64-fedora-clang, r-devel-linux-x86_64-fedora-gcc, r-devel-windows-x86_64, r-release-macos-arm64, r-release-windows-x86_64