CRAN Package Check Results for Package FME

Last updated on 2022-11-29 03:56:11 CET.

Flavor Version Tinstall Tcheck Ttotal Status Flags
r-devel-linux-x86_64-debian-clang 1.3.6.2 10.25 232.10 242.35 NOTE
r-devel-linux-x86_64-debian-gcc 1.3.6.2 6.75 168.20 174.95 NOTE
r-devel-linux-x86_64-fedora-clang 1.3.6.2 299.23 NOTE
r-devel-linux-x86_64-fedora-gcc 1.3.6.2 294.92 NOTE
r-devel-windows-x86_64 1.3.6.2 23.00 367.00 390.00 NOTE
r-patched-linux-x86_64 1.3.6.2 9.91 218.06 227.97 OK
r-release-linux-x86_64 1.3.6.2 7.40 214.76 222.16 OK
r-release-macos-arm64 1.3.6.2 108.00 OK
r-release-macos-x86_64 1.3.6.2 154.00 OK
r-release-windows-x86_64 1.3.6.2 30.00 372.00 402.00 OK
r-oldrel-macos-arm64 1.3.6.2 132.00 OK
r-oldrel-macos-x86_64 1.3.6.2 176.00 OK
r-oldrel-windows-ix86+x86_64 1.3.6.2 20.00 316.00 336.00 OK

Check Details

Version: 1.3.6.2
Check: Rd files
Result: NOTE
    checkRd: (-1) pseudoOptim.Rd:27: Escaped LaTeX specials: \$
Flavors: r-devel-linux-x86_64-debian-clang, r-devel-linux-x86_64-debian-gcc, r-devel-linux-x86_64-fedora-clang, r-devel-linux-x86_64-fedora-gcc, r-devel-windows-x86_64