CRAN Package Check Results for Package FairMclus

Last updated on 2022-12-02 04:00:08 CET.

Flavor Version Tinstall Tcheck Ttotal Status Flags
r-devel-linux-x86_64-debian-clang 2.2.1 5.78 53.61 59.39 OK
r-devel-linux-x86_64-debian-gcc 2.2.1 4.91 39.07 43.98 OK
r-devel-linux-x86_64-fedora-clang 2.2.1 81.59 NOTE
r-devel-linux-x86_64-fedora-gcc 2.2.1 79.14 NOTE
r-devel-windows-x86_64 2.2.1 11.00 79.00 90.00 OK
r-patched-linux-x86_64 2.2.1 5.66 49.28 54.94 OK
r-release-linux-x86_64 2.2.1 3.99 48.90 52.89 OK
r-release-macos-arm64 2.2.1 24.00 NOTE
r-release-macos-x86_64 2.2.1 44.00 NOTE
r-release-windows-x86_64 2.2.1 11.00 79.00 90.00 OK
r-oldrel-macos-arm64 2.2.1 37.00 NOTE
r-oldrel-macos-x86_64 2.2.1 31.00 NOTE
r-oldrel-windows-ix86+x86_64 2.2.1 16.00 75.00 91.00 OK

Check Details

Version: 2.2.1
Check: dependencies in R code
Result: NOTE
    Namespaces in Imports field not imported from:
     ‘base’ ‘data.table’
     All declared Imports should be used.
Flavors: r-devel-linux-x86_64-fedora-clang, r-devel-linux-x86_64-fedora-gcc, r-release-macos-arm64, r-release-macos-x86_64, r-oldrel-macos-arm64, r-oldrel-macos-x86_64