Last updated on 2022-08-09 04:52:19 CEST.
Flavor | Version | Tinstall | Tcheck | Ttotal | Status | Flags |
---|---|---|---|---|---|---|
r-devel-linux-x86_64-debian-clang | 1.1.3 | 542.42 | 125.84 | 668.26 | OK | |
r-devel-linux-x86_64-debian-gcc | 1.2.0 | 475.92 | 124.41 | 600.33 | OK | |
r-devel-linux-x86_64-fedora-clang | 1.2.0 | 1002.58 | OK | |||
r-devel-linux-x86_64-fedora-gcc | 1.2.0 | 1011.47 | OK | |||
r-devel-windows-x86_64 | 1.2.0 | 328.00 | 239.00 | 567.00 | OK | |
r-patched-linux-x86_64 | 1.1.3 | 471.04 | 136.15 | 607.19 | OK | |
r-release-linux-x86_64 | 1.2.0 | OK | ||||
r-release-macos-arm64 | 1.2.0 | 204.00 | NOTE | |||
r-release-macos-x86_64 | 1.2.0 | 321.00 | NOTE | |||
r-release-windows-x86_64 | 1.2.0 | 392.00 | 227.00 | 619.00 | OK | |
r-oldrel-macos-arm64 | 1.1.3 | 186.00 | NOTE | |||
r-oldrel-macos-x86_64 | 1.2.0 | 317.00 | NOTE | |||
r-oldrel-windows-ix86+x86_64 | 1.1.3 | 1090.00 | 255.00 | 1345.00 | OK |
Version: 1.2.0
Check: installed package size
Result: NOTE
installed size is 38.9Mb
sub-directories of 1Mb or more:
libs 38.6Mb
Flavors: r-release-macos-arm64, r-release-macos-x86_64, r-oldrel-macos-x86_64
Version: 1.1.3
Check: installed package size
Result: NOTE
installed size is 37.4Mb
sub-directories of 1Mb or more:
libs 37.1Mb
Flavor: r-oldrel-macos-arm64