Last updated on 2023-12-10 03:59:55 CET.
Flavor | Version | Tinstall | Tcheck | Ttotal | Status | Flags |
---|---|---|---|---|---|---|
r-devel-linux-x86_64-debian-clang | 3.1.0 | 8.59 | 98.72 | 107.31 | NOTE | |
r-devel-linux-x86_64-debian-gcc | 3.1.0 | 9.03 | 73.05 | 82.08 | NOTE | |
r-devel-linux-x86_64-fedora-clang | 3.1.0 | 129.45 | NOTE | |||
r-devel-linux-x86_64-fedora-gcc | 3.1.0 | 128.07 | NOTE | |||
r-devel-windows-x86_64 | 3.1.0 | 11.00 | 83.00 | 94.00 | NOTE | |
r-patched-linux-x86_64 | 3.1.0 | 7.95 | 94.72 | 102.67 | NOTE | |
r-release-linux-x86_64 | 3.1.0 | 8.06 | 91.66 | 99.72 | NOTE | |
r-release-macos-arm64 | 3.1.0 | 42.00 | NOTE | |||
r-release-macos-x86_64 | 3.1.0 | 66.00 | NOTE | |||
r-release-windows-x86_64 | 3.1.0 | 12.00 | 96.00 | 108.00 | NOTE | |
r-oldrel-macos-arm64 | 3.1.0 | 36.00 | NOTE | |||
r-oldrel-macos-x86_64 | 3.1.0 | 72.00 | NOTE | |||
r-oldrel-windows-x86_64 | 3.1.0 | 14.00 | 101.00 | 115.00 | NOTE |
Version: 3.1.0
Check: LazyData
Result: NOTE
'LazyData' is specified without a 'data' directory
Flavors: r-devel-linux-x86_64-debian-clang, r-devel-linux-x86_64-debian-gcc, r-devel-linux-x86_64-fedora-clang, r-devel-linux-x86_64-fedora-gcc, r-devel-windows-x86_64, r-patched-linux-x86_64, r-release-linux-x86_64, r-release-macos-arm64, r-release-macos-x86_64, r-release-windows-x86_64, r-oldrel-macos-arm64, r-oldrel-macos-x86_64, r-oldrel-windows-x86_64