CRAN Package Check Results for Package FitUltD

Last updated on 2023-03-29 04:51:10 CEST.

Flavor Version Tinstall Tcheck Ttotal Status Flags
r-devel-linux-x86_64-debian-clang 3.1.0 12.72 101.59 114.31 NOTE
r-devel-linux-x86_64-debian-gcc 3.1.0 7.99 74.70 82.69 NOTE
r-devel-linux-x86_64-fedora-clang 3.1.0 136.38 NOTE
r-devel-linux-x86_64-fedora-gcc 3.1.0 129.52 NOTE
r-devel-windows-x86_64 3.1.0 13.00 0.00 13.00 NOTE
r-patched-linux-x86_64 3.1.0 9.35 91.49 100.84 NOTE
r-release-linux-x86_64 3.1.0 8.35 95.05 103.40 NOTE
r-release-macos-arm64 3.1.0 36.00 NOTE
r-release-macos-x86_64 3.1.0 72.00 NOTE
r-release-windows-x86_64 3.1.0 16.00 120.00 136.00 NOTE
r-oldrel-macos-arm64 3.1.0 44.00 NOTE
r-oldrel-macos-x86_64 3.1.0 76.00 NOTE
r-oldrel-windows-ix86+x86_64 3.1.0 25.00 121.00 146.00 NOTE

Check Details

Version: 3.1.0
Check: LazyData
Result: NOTE
     'LazyData' is specified without a 'data' directory
Flavors: r-devel-linux-x86_64-debian-clang, r-devel-linux-x86_64-debian-gcc, r-devel-linux-x86_64-fedora-clang, r-devel-linux-x86_64-fedora-gcc, r-devel-windows-x86_64, r-patched-linux-x86_64, r-release-linux-x86_64, r-release-macos-arm64, r-release-macos-x86_64, r-release-windows-x86_64, r-oldrel-macos-arm64, r-oldrel-macos-x86_64, r-oldrel-windows-ix86+x86_64