Last updated on 2023-01-31 04:06:19 CET.
Flavor | Version | Tinstall | Tcheck | Ttotal | Status | Flags |
---|---|---|---|---|---|---|
r-devel-linux-x86_64-debian-clang | 0.2.2 | 38.79 | 70.14 | 108.93 | OK | |
r-devel-linux-x86_64-debian-gcc | 0.2.2 | 32.88 | 50.73 | 83.61 | OK | |
r-devel-linux-x86_64-fedora-clang | 0.2.2 | 171.11 | NOTE | |||
r-devel-linux-x86_64-fedora-gcc | 0.2.2 | 146.54 | NOTE | |||
r-devel-windows-x86_64 | 0.2.2 | 49.00 | 117.00 | 166.00 | OK | |
r-patched-linux-x86_64 | 0.2.2 | 33.20 | 65.36 | 98.56 | OK | |
r-release-linux-x86_64 | 0.2.2 | 32.66 | 65.53 | 98.19 | OK | |
r-release-macos-arm64 | 0.2.2 | 45.00 | NOTE | |||
r-release-macos-x86_64 | 0.2.2 | 56.00 | NOTE | |||
r-release-windows-x86_64 | 0.2.2 | 48.00 | 122.00 | 170.00 | OK | |
r-oldrel-macos-arm64 | 0.2.2 | 39.00 | NOTE | |||
r-oldrel-macos-x86_64 | 0.2.2 | 56.00 | NOTE | |||
r-oldrel-windows-ix86+x86_64 | 0.2.2 | 98.00 | 134.00 | 232.00 | OK |
Version: 0.2.2
Check: dependencies in R code
Result: NOTE
Namespaces in Imports field not imported from:
‘kableExtra’ ‘knitr’ ‘rmarkdown’
All declared Imports should be used.
Flavors: r-devel-linux-x86_64-fedora-clang, r-devel-linux-x86_64-fedora-gcc, r-release-macos-arm64, r-release-macos-x86_64, r-oldrel-macos-arm64, r-oldrel-macos-x86_64