CRAN Package Check Results for Package GA

Last updated on 2022-10-06 04:51:25 CEST.

Flavor Version Tinstall Tcheck Ttotal Status Flags
r-devel-linux-x86_64-debian-clang 3.2.2 57.58 100.27 157.85 WARN
r-devel-linux-x86_64-debian-gcc 3.2.2 43.78 74.10 117.88 OK
r-devel-linux-x86_64-fedora-clang 3.2.2 206.32 WARN
r-devel-linux-x86_64-fedora-gcc 3.2.2 200.17 OK
r-devel-windows-x86_64 3.2.2 69.00 166.00 235.00 NOTE
r-patched-linux-x86_64 3.2.2 49.10 98.01 147.11 OK
r-release-linux-x86_64 3.2.2 43.68 98.35 142.03 OK
r-release-macos-arm64 3.2.2 55.00 NOTE
r-release-macos-x86_64 3.2.2 78.00 NOTE
r-release-windows-x86_64 3.2.2 63.00 159.00 222.00 NOTE
r-oldrel-macos-arm64 3.2.2 61.00 NOTE
r-oldrel-macos-x86_64 3.2.2 71.00 NOTE
r-oldrel-windows-ix86+x86_64 3.2.2 119.00 165.00 284.00 NOTE

Additional issues

clang14

Check Details

Version: 3.2.2
Check: whether package can be installed
Result: WARN
    Found the following significant warnings:
     genope.cpp:963:8: warning: use of bitwise '|' with boolean operands [-Wbitwise-instead-of-logical]
     genope.cpp:1400:6: warning: use of bitwise '&' with boolean operands [-Wbitwise-instead-of-logical]
Flavors: r-devel-linux-x86_64-debian-clang, r-devel-linux-x86_64-fedora-clang

Version: 3.2.2
Check: installed package size
Result: NOTE
     installed size is 45.5Mb
     sub-directories of 1Mb or more:
     doc 44.4Mb
Flavors: r-devel-linux-x86_64-fedora-clang, r-devel-windows-x86_64, r-release-macos-arm64, r-release-macos-x86_64, r-release-windows-x86_64, r-oldrel-macos-arm64, r-oldrel-macos-x86_64, r-oldrel-windows-ix86+x86_64