CRAN Package Check Results for Package GALLO

Last updated on 2022-08-12 04:53:23 CEST.

Flavor Version Tinstall Tcheck Ttotal Status Flags
r-devel-linux-x86_64-debian-clang 1.3 8.88 121.81 130.69 OK
r-devel-linux-x86_64-debian-gcc 1.3 7.79 88.22 96.01 OK
r-devel-linux-x86_64-fedora-clang 1.3 167.25 NOTE
r-devel-linux-x86_64-fedora-gcc 1.3 158.97 NOTE
r-devel-windows-x86_64 1.3 22.00 157.00 179.00 OK
r-patched-linux-x86_64 1.3 9.86 118.18 128.04 OK
r-release-linux-x86_64 1.3 10.20 118.97 129.17 OK
r-release-macos-arm64 1.3 56.00 NOTE
r-release-macos-x86_64 1.3 92.00 NOTE
r-release-windows-x86_64 1.3 24.00 157.00 181.00 OK
r-oldrel-macos-arm64 1.3 46.00 NOTE
r-oldrel-macos-x86_64 1.3 87.00 NOTE
r-oldrel-windows-ix86+x86_64 1.3 22.00 147.00 169.00 OK

Check Details

Version: 1.3
Check: dependencies in R code
Result: NOTE
    Namespaces in Imports field not imported from:
     ‘DT’ ‘webshot’
     All declared Imports should be used.
Flavors: r-devel-linux-x86_64-fedora-clang, r-devel-linux-x86_64-fedora-gcc, r-release-macos-arm64, r-release-macos-x86_64, r-oldrel-macos-arm64, r-oldrel-macos-x86_64