CRAN Package Check Results for Package GCD

Last updated on 2022-11-30 03:58:24 CET.

Flavor Version Tinstall Tcheck Ttotal Status Flags
r-devel-linux-x86_64-debian-clang 4.0.7 2.02 41.66 43.68 OK
r-devel-linux-x86_64-debian-gcc 4.0.7 1.79 32.10 33.89 OK
r-devel-linux-x86_64-fedora-clang 4.0.7 67.51 NOTE
r-devel-linux-x86_64-fedora-gcc 4.0.7 63.41 NOTE
r-devel-windows-x86_64 4.0.7 11.00 74.00 85.00 OK
r-patched-linux-x86_64 4.0.7 1.61 38.95 40.56 OK
r-release-linux-x86_64 4.0.7 1.78 40.45 42.23 OK
r-release-macos-arm64 4.0.7 19.00 NOTE
r-release-macos-x86_64 4.0.7 29.00 NOTE
r-release-windows-x86_64 4.0.7 6.00 71.00 77.00 OK
r-oldrel-macos-arm64 4.0.7 26.00 NOTE
r-oldrel-macos-x86_64 4.0.7 33.00 NOTE
r-oldrel-windows-ix86+x86_64 4.0.7 5.00 73.00 78.00 OK

Check Details

Version: 4.0.7
Check: dependencies in R code
Result: NOTE
    Namespace in Imports field not imported from: ‘raster’
     All declared Imports should be used.
Flavors: r-devel-linux-x86_64-fedora-clang, r-devel-linux-x86_64-fedora-gcc, r-release-macos-arm64, r-release-macos-x86_64, r-oldrel-macos-arm64, r-oldrel-macos-x86_64

Version: 4.0.7
Check: data for non-ASCII characters
Result: NOTE
     Note: found 103 marked UTF-8 strings
Flavors: r-devel-linux-x86_64-fedora-clang, r-devel-linux-x86_64-fedora-gcc, r-release-macos-arm64, r-release-macos-x86_64, r-oldrel-macos-arm64, r-oldrel-macos-x86_64