CRAN Package Check Results for Package GENEAclassify

Last updated on 2022-12-06 04:02:52 CET.

Flavor Version Tinstall Tcheck Ttotal Status Flags
r-devel-linux-x86_64-debian-clang 1.5.3 6.74 50.41 57.15 OK
r-devel-linux-x86_64-debian-gcc 1.5.3 5.62 40.31 45.93 OK
r-devel-linux-x86_64-fedora-clang 1.5.3 82.79 NOTE
r-devel-linux-x86_64-fedora-gcc 1.5.3 93.29 OK
r-devel-windows-x86_64 1.5.3 45.00 90.00 135.00 OK
r-patched-linux-x86_64 1.5.3 7.90 49.03 56.93 OK
r-release-linux-x86_64 1.5.3 6.19 49.98 56.17 OK
r-release-macos-arm64 1.5.3 31.00 OK
r-release-macos-x86_64 1.5.3 36.00 OK
r-release-windows-x86_64 1.5.3 52.00 92.00 144.00 OK
r-oldrel-macos-arm64 1.5.3 34.00 OK
r-oldrel-macos-x86_64 1.5.3 40.00 OK
r-oldrel-windows-ix86+x86_64 1.5.3 13.00 82.00 95.00 OK

Check Details

Version: 1.5.3
Check: Rd cross-references
Result: NOTE
    Undeclared package ‘mmap’ in Rd xrefs
Flavor: r-devel-linux-x86_64-fedora-clang