Last updated on 2023-02-06 03:54:33 CET.
Flavor | Version | Tinstall | Tcheck | Ttotal | Status | Flags |
---|---|---|---|---|---|---|
r-devel-linux-x86_64-debian-clang | 2.0.9 | 6.07 | 42.45 | 48.52 | NOTE | |
r-devel-linux-x86_64-debian-gcc | 2.0.9 | 4.81 | 32.16 | 36.97 | NOTE | |
r-devel-linux-x86_64-fedora-clang | 2.0.9 | 61.67 | NOTE | |||
r-devel-linux-x86_64-fedora-gcc | 2.0.9 | 64.71 | NOTE | |||
r-devel-windows-x86_64 | 2.0.9 | 49.00 | 76.00 | 125.00 | NOTE | |
r-patched-linux-x86_64 | 2.0.9 | 6.64 | 40.37 | 47.01 | NOTE | |
r-release-linux-x86_64 | 2.0.9 | 5.33 | 40.91 | 46.24 | NOTE | |
r-release-macos-arm64 | 2.0.9 | 24.00 | NOTE | |||
r-release-macos-x86_64 | 2.0.9 | 33.00 | NOTE | |||
r-release-windows-x86_64 | 2.0.9 | 41.00 | 89.00 | 130.00 | NOTE | |
r-oldrel-macos-arm64 | 2.0.9 | 28.00 | NOTE | |||
r-oldrel-macos-x86_64 | 2.0.9 | 44.00 | NOTE | |||
r-oldrel-windows-ix86+x86_64 | 2.0.9 | 13.00 | 65.00 | 78.00 | NOTE |
Version: 2.0.9
Check: LazyData
Result: NOTE
'LazyData' is specified without a 'data' directory
Flavors: r-devel-linux-x86_64-debian-clang, r-devel-linux-x86_64-debian-gcc, r-devel-linux-x86_64-fedora-clang, r-devel-linux-x86_64-fedora-gcc, r-devel-windows-x86_64, r-patched-linux-x86_64, r-release-linux-x86_64, r-release-macos-arm64, r-release-macos-x86_64, r-release-windows-x86_64, r-oldrel-macos-arm64, r-oldrel-macos-x86_64, r-oldrel-windows-ix86+x86_64