Last updated on 2023-12-10 03:59:56 CET.
Flavor | Version | Tinstall | Tcheck | Ttotal | Status | Flags |
---|---|---|---|---|---|---|
r-devel-linux-x86_64-debian-clang | 1.1 | 3.47 | 54.46 | 57.93 | OK | |
r-devel-linux-x86_64-debian-gcc | 1.1 | 3.64 | 40.98 | 44.62 | OK | |
r-devel-linux-x86_64-fedora-clang | 1.1 | 72.86 | NOTE | |||
r-devel-linux-x86_64-fedora-gcc | 1.1 | 80.63 | NOTE | |||
r-devel-windows-x86_64 | 1.1 | 7.00 | 67.00 | 74.00 | OK | |
r-patched-linux-x86_64 | 1.1 | 4.58 | 53.28 | 57.86 | OK | |
r-release-linux-x86_64 | 1.1 | 4.10 | 52.30 | 56.40 | OK | |
r-release-macos-arm64 | 1.1 | 53.00 | OK | |||
r-release-macos-x86_64 | 1.1 | 79.00 | OK | |||
r-release-windows-x86_64 | 1.1 | 7.00 | 72.00 | 79.00 | OK | |
r-oldrel-macos-arm64 | 1.1 | 47.00 | OK | |||
r-oldrel-macos-x86_64 | 1.1 | 57.00 | OK | |||
r-oldrel-windows-x86_64 | 1.1 | 8.00 | 78.00 | 86.00 | OK |
Version: 1.1
Check: data for non-ASCII characters
Result: NOTE
Note: found 866 marked UTF-8 strings
Flavors: r-devel-linux-x86_64-fedora-clang, r-devel-linux-x86_64-fedora-gcc