CRAN Package Check Results for Package GeoFIS

Last updated on 2022-12-03 03:57:10 CET.

Flavor Version Tinstall Tcheck Ttotal Status Flags
r-devel-linux-x86_64-debian-clang 1.0.4 463.47 160.51 623.98 NOTE
r-devel-linux-x86_64-debian-gcc 1.0.4 491.64 139.44 631.08 NOTE
r-devel-linux-x86_64-fedora-clang 1.0.4 954.45 NOTE
r-devel-linux-x86_64-fedora-gcc 1.0.4 1073.17 NOTE
r-devel-windows-x86_64 1.0.4 839.00 255.00 1094.00 NOTE
r-patched-linux-x86_64 1.0.4 511.26 176.44 687.70 NOTE
r-release-linux-x86_64 1.0.4 513.88 177.07 690.95 NOTE
r-release-macos-arm64 1.0.4 230.00 NOTE
r-release-macos-x86_64 1.0.4 311.00 NOTE
r-release-windows-x86_64 1.0.4 948.00 255.00 1203.00 NOTE
r-oldrel-macos-arm64 1.0.4 224.00 NOTE
r-oldrel-macos-x86_64 1.0.4 305.00 NOTE
r-oldrel-windows-ix86+x86_64 1.0.4 1231.00 270.00 1501.00 NOTE

Additional issues

M1mac

Check Details

Version: 1.0.4
Check: for GNU extensions in Makefiles
Result: NOTE
    GNU make is a SystemRequirements.
Flavors: r-devel-linux-x86_64-debian-clang, r-devel-linux-x86_64-debian-gcc, r-devel-linux-x86_64-fedora-clang, r-devel-linux-x86_64-fedora-gcc, r-devel-windows-x86_64, r-patched-linux-x86_64, r-release-linux-x86_64, r-release-macos-arm64, r-release-macos-x86_64, r-release-windows-x86_64, r-oldrel-macos-arm64, r-oldrel-macos-x86_64, r-oldrel-windows-ix86+x86_64

Version: 1.0.4
Check: installed package size
Result: NOTE
     installed size is 6.4Mb
     sub-directories of 1Mb or more:
     R 1.0Mb
     libs 5.0Mb
Flavors: r-devel-linux-x86_64-fedora-clang, r-devel-windows-x86_64, r-release-macos-arm64, r-release-macos-x86_64, r-release-windows-x86_64, r-oldrel-macos-arm64, r-oldrel-macos-x86_64, r-oldrel-windows-ix86+x86_64