CRAN Package Check Results for Package GoodmanKruskal

Last updated on 2022-12-01 04:00:33 CET.

Flavor Version Tinstall Tcheck Ttotal Status Flags
r-devel-linux-x86_64-debian-clang 0.0.3 2.56 30.06 32.62 NOTE
r-devel-linux-x86_64-debian-gcc 0.0.3 1.75 23.05 24.80 NOTE
r-devel-linux-x86_64-fedora-clang 0.0.3 50.64 NOTE
r-devel-linux-x86_64-fedora-gcc 0.0.3 48.92 NOTE
r-devel-windows-x86_64 0.0.3 8.00 61.00 69.00 NOTE
r-patched-linux-x86_64 0.0.3 2.25 29.13 31.38 NOTE
r-release-linux-x86_64 0.0.3 2.24 29.34 31.58 NOTE
r-release-macos-arm64 0.0.3 23.00 NOTE
r-release-macos-x86_64 0.0.3 27.00 NOTE
r-release-windows-x86_64 0.0.3 24.00 60.00 84.00 NOTE
r-oldrel-macos-arm64 0.0.3 25.00 NOTE
r-oldrel-macos-x86_64 0.0.3 32.00 NOTE
r-oldrel-windows-ix86+x86_64 0.0.3 8.00 56.00 64.00 NOTE

Check Details

Version: 0.0.3
Check: LazyData
Result: NOTE
     'LazyData' is specified without a 'data' directory
Flavors: r-devel-linux-x86_64-debian-clang, r-devel-linux-x86_64-debian-gcc, r-devel-linux-x86_64-fedora-clang, r-devel-linux-x86_64-fedora-gcc, r-devel-windows-x86_64, r-patched-linux-x86_64, r-release-linux-x86_64, r-release-macos-arm64, r-release-macos-x86_64, r-release-windows-x86_64, r-oldrel-macos-arm64, r-oldrel-macos-x86_64, r-oldrel-windows-ix86+x86_64