CRAN Package Check Results for Package GoogleKnowledgeGraphR

Last updated on 2023-02-01 03:54:17 CET.

Flavor Version Tinstall Tcheck Ttotal Status Flags
r-devel-linux-x86_64-debian-clang 0.1.0 1.69 23.80 25.49 NOTE
r-devel-linux-x86_64-debian-gcc 0.1.0 1.69 18.93 20.62 NOTE
r-devel-linux-x86_64-fedora-clang 0.1.0 33.00 NOTE
r-devel-linux-x86_64-fedora-gcc 0.1.0 31.82 NOTE
r-devel-windows-x86_64 0.1.0 24.00 52.00 76.00 NOTE
r-patched-linux-x86_64 0.1.0 1.82 23.51 25.33 NOTE
r-release-linux-x86_64 0.1.0 1.89 24.16 26.05 NOTE
r-release-macos-arm64 0.1.0 18.00 NOTE
r-release-macos-x86_64 0.1.0 22.00 NOTE
r-release-windows-x86_64 0.1.0 42.00 61.00 103.00 NOTE
r-oldrel-macos-arm64 0.1.0 22.00 NOTE
r-oldrel-macos-x86_64 0.1.0 31.00 NOTE
r-oldrel-windows-ix86+x86_64 0.1.0 5.00 47.00 52.00 NOTE

Check Details

Version: 0.1.0
Check: LazyData
Result: NOTE
     'LazyData' is specified without a 'data' directory
Flavors: r-devel-linux-x86_64-debian-clang, r-devel-linux-x86_64-debian-gcc, r-devel-linux-x86_64-fedora-clang, r-devel-linux-x86_64-fedora-gcc, r-devel-windows-x86_64, r-patched-linux-x86_64, r-release-linux-x86_64, r-release-macos-arm64, r-release-macos-x86_64, r-release-windows-x86_64, r-oldrel-macos-arm64, r-oldrel-macos-x86_64, r-oldrel-windows-ix86+x86_64