Last updated on 2023-12-02 03:57:41 CET.
Flavor | Version | Tinstall | Tcheck | Ttotal | Status | Flags |
---|---|---|---|---|---|---|
r-devel-linux-x86_64-debian-clang | 0.1.0 | 25.67 | 56.18 | 81.85 | NOTE | |
r-devel-linux-x86_64-debian-gcc | 0.1.0 | 19.26 | 42.45 | 61.71 | NOTE | |
r-devel-linux-x86_64-fedora-clang | 0.1.0 | 124.18 | NOTE | |||
r-devel-linux-x86_64-fedora-gcc | 0.1.0 | 120.04 | NOTE | |||
r-devel-windows-x86_64 | 0.1.0 | 21.00 | 87.00 | 108.00 | NOTE | |
r-patched-linux-x86_64 | 0.1.0 | 24.53 | 54.25 | 78.78 | NOTE | |
r-release-linux-x86_64 | 0.1.0 | 26.43 | 54.35 | 80.78 | NOTE | |
r-release-macos-arm64 | 0.1.0 | 43.00 | NOTE | |||
r-release-macos-x86_64 | 0.1.0 | 63.00 | NOTE | |||
r-release-windows-x86_64 | 0.1.0 | 30.00 | 95.00 | 125.00 | NOTE | |
r-oldrel-macos-arm64 | 0.1.0 | 44.00 | OK | |||
r-oldrel-macos-x86_64 | 0.1.0 | 50.00 | OK | |||
r-oldrel-windows-x86_64 | 0.1.0 | 27.00 | 98.00 | 125.00 | OK |
Version: 0.1.0
Check: C++ specification
Result: NOTE
Specified C++14: please drop specification unless essential
Flavors: r-devel-linux-x86_64-debian-clang, r-devel-linux-x86_64-debian-gcc, r-devel-linux-x86_64-fedora-clang, r-devel-linux-x86_64-fedora-gcc, r-devel-windows-x86_64, r-patched-linux-x86_64, r-release-linux-x86_64, r-release-macos-arm64, r-release-macos-x86_64, r-release-windows-x86_64