Last updated on 2023-12-02 03:57:42 CET.
Flavor | Version | Tinstall | Tcheck | Ttotal | Status | Flags |
---|---|---|---|---|---|---|
r-devel-linux-x86_64-debian-clang | 1.1.4 | 8.94 | 77.78 | 86.72 | NOTE | |
r-devel-linux-x86_64-debian-gcc | 1.1.4 | 7.04 | 58.29 | 65.33 | NOTE | |
r-devel-linux-x86_64-fedora-clang | 1.1.4 | 105.57 | OK | |||
r-devel-linux-x86_64-fedora-gcc | 1.1.4 | 114.66 | OK | |||
r-devel-windows-x86_64 | 1.1.4 | 9.00 | 103.00 | 112.00 | OK | |
r-patched-linux-x86_64 | 1.1.4 | 6.28 | 73.96 | 80.24 | OK | |
r-release-linux-x86_64 | 1.1.4 | 6.02 | 73.34 | 79.36 | OK | |
r-release-macos-arm64 | 1.1.4 | 44.00 | OK | |||
r-release-macos-x86_64 | 1.1.4 | 68.00 | OK | |||
r-release-windows-x86_64 | 1.1.4 | 12.00 | 109.00 | 121.00 | OK | |
r-oldrel-macos-arm64 | 1.1.4 | 39.00 | OK | |||
r-oldrel-macos-x86_64 | 1.1.4 | 55.00 | OK | |||
r-oldrel-windows-x86_64 | 1.1.4 | 12.00 | 108.00 | 120.00 | OK |
Version: 1.1.4
Check: Rd files
Result: NOTE
checkRd: (-1) phenowheat.Rd:18: Lost braces in \enumerate; meant \describe ?
checkRd: (-1) phenowheat.Rd:19: Lost braces in \enumerate; meant \describe ?
Flavors: r-devel-linux-x86_64-debian-clang, r-devel-linux-x86_64-debian-gcc