Last updated on 2023-01-31 04:06:23 CET.
Flavor | Version | Tinstall | Tcheck | Ttotal | Status | Flags |
---|---|---|---|---|---|---|
r-devel-linux-x86_64-debian-clang | 1.0.4 | 8.64 | 89.30 | 97.94 | NOTE | |
r-devel-linux-x86_64-debian-gcc | 1.0.4 | 8.10 | 69.32 | 77.42 | NOTE | |
r-devel-linux-x86_64-fedora-clang | 1.0.4 | 126.33 | NOTE | |||
r-devel-linux-x86_64-fedora-gcc | 1.0.4 | 122.31 | NOTE | |||
r-devel-windows-x86_64 | 1.0.4 | 18.00 | 113.00 | 131.00 | NOTE | |
r-patched-linux-x86_64 | 1.0.4 | 10.20 | 85.73 | 95.93 | NOTE | |
r-release-linux-x86_64 | 1.0.4 | 10.60 | 88.04 | 98.64 | NOTE | |
r-release-macos-arm64 | 1.0.4 | 36.00 | NOTE | |||
r-release-macos-x86_64 | 1.0.4 | 50.00 | NOTE | |||
r-release-windows-x86_64 | 1.0.4 | 26.00 | 119.00 | 145.00 | NOTE | |
r-oldrel-macos-arm64 | 1.0.4 | 41.00 | NOTE | |||
r-oldrel-macos-x86_64 | 1.0.4 | 73.00 | NOTE | |||
r-oldrel-windows-ix86+x86_64 | 1.0.4 | 23.00 | 111.00 | 134.00 | NOTE |
Version: 1.0.4
Check: LazyData
Result: NOTE
'LazyData' is specified without a 'data' directory
Flavors: r-devel-linux-x86_64-debian-clang, r-devel-linux-x86_64-debian-gcc, r-devel-linux-x86_64-fedora-clang, r-devel-linux-x86_64-fedora-gcc, r-devel-windows-x86_64, r-patched-linux-x86_64, r-release-linux-x86_64, r-release-macos-arm64, r-release-macos-x86_64, r-release-windows-x86_64, r-oldrel-macos-arm64, r-oldrel-macos-x86_64, r-oldrel-windows-ix86+x86_64