Last updated on 2022-08-13 04:57:49 CEST.
Flavor | Version | Tinstall | Tcheck | Ttotal | Status | Flags |
---|---|---|---|---|---|---|
r-devel-linux-x86_64-debian-clang | 1.0-5 | 15.36 | 58.09 | 73.45 | OK | |
r-devel-linux-x86_64-debian-gcc | 1.0-5 | 15.03 | 44.67 | 59.70 | OK | |
r-devel-linux-x86_64-fedora-clang | 1.0-5 | 109.00 | NOTE | |||
r-devel-linux-x86_64-fedora-gcc | 1.0-5 | 105.89 | OK | |||
r-devel-windows-x86_64 | 1.0-5 | 42.00 | 88.00 | 130.00 | NOTE | |
r-patched-linux-x86_64 | 1.0-5 | 17.49 | 55.53 | 73.02 | OK | |
r-release-linux-x86_64 | 1.0-5 | 15.99 | 54.64 | 70.63 | OK | |
r-release-macos-arm64 | 1.0-5 | 35.00 | NOTE | |||
r-release-macos-x86_64 | 1.0-5 | 47.00 | NOTE | |||
r-release-windows-x86_64 | 1.0-5 | 46.00 | 98.00 | 144.00 | NOTE | |
r-oldrel-macos-arm64 | 1.0-5 | 64.00 | NOTE | |||
r-oldrel-macos-x86_64 | 1.0-5 | 45.00 | NOTE | |||
r-oldrel-windows-ix86+x86_64 | 1.0-5 | 25.00 | 90.00 | 115.00 | NOTE |
Version: 1.0-5
Check: installed package size
Result: NOTE
installed size is 7.6Mb
sub-directories of 1Mb or more:
data 7.1Mb
Flavors: r-devel-linux-x86_64-fedora-clang, r-devel-windows-x86_64, r-release-macos-arm64, r-release-macos-x86_64, r-release-windows-x86_64, r-oldrel-macos-arm64, r-oldrel-macos-x86_64, r-oldrel-windows-ix86+x86_64