Last updated on 2022-08-13 04:57:49 CEST.
Flavor | Version | Tinstall | Tcheck | Ttotal | Status | Flags |
---|---|---|---|---|---|---|
r-devel-linux-x86_64-debian-clang | 0.1 | 9.00 | 71.81 | 80.81 | NOTE | |
r-devel-linux-x86_64-debian-gcc | 0.1 | 7.26 | 56.50 | 63.76 | NOTE | |
r-devel-linux-x86_64-fedora-clang | 0.1 | 111.19 | NOTE | |||
r-devel-linux-x86_64-fedora-gcc | 0.1 | 110.09 | NOTE | |||
r-devel-windows-x86_64 | 0.1 | 12.00 | 100.00 | 112.00 | NOTE | |
r-patched-linux-x86_64 | 0.1 | 11.88 | 70.50 | 82.38 | NOTE | |
r-release-linux-x86_64 | 0.1 | 6.31 | 69.40 | 75.71 | NOTE | |
r-release-macos-arm64 | 0.1 | 34.00 | NOTE | |||
r-release-macos-x86_64 | 0.1 | 46.00 | NOTE | |||
r-release-windows-x86_64 | 0.1 | 10.00 | 104.00 | 114.00 | NOTE | |
r-oldrel-macos-arm64 | 0.1 | 38.00 | NOTE | |||
r-oldrel-macos-x86_64 | 0.1 | 49.00 | NOTE | |||
r-oldrel-windows-ix86+x86_64 | 0.1 | 18.00 | 93.00 | 111.00 | NOTE |
Version: 0.1
Check: LazyData
Result: NOTE
'LazyData' is specified without a 'data' directory
Flavors: r-devel-linux-x86_64-debian-clang, r-devel-linux-x86_64-debian-gcc, r-devel-linux-x86_64-fedora-clang, r-devel-linux-x86_64-fedora-gcc, r-devel-windows-x86_64, r-patched-linux-x86_64, r-release-linux-x86_64, r-release-macos-arm64, r-release-macos-x86_64, r-release-windows-x86_64, r-oldrel-macos-arm64, r-oldrel-macos-x86_64, r-oldrel-windows-ix86+x86_64