Last updated on 2023-01-30 04:52:24 CET.
Flavor | Version | Tinstall | Tcheck | Ttotal | Status | Flags |
---|---|---|---|---|---|---|
r-devel-linux-x86_64-debian-clang | 0.4-4 | 104.16 | 596.99 | 701.15 | OK | |
r-devel-linux-x86_64-debian-gcc | 0.4-4 | 80.48 | 1247.82 | 1328.30 | NOTE | |
r-devel-linux-x86_64-fedora-clang | 0.4-4 | 733.22 | OK | |||
r-devel-linux-x86_64-fedora-gcc | 0.4-4 | 616.35 | NOTE | |||
r-devel-windows-x86_64 | 0.4-4 | 86.00 | 328.00 | 414.00 | NOTE | |
r-patched-linux-x86_64 | 0.4-4 | 85.15 | 895.37 | 980.52 | OK | |
r-release-linux-x86_64 | 0.4-4 | 83.48 | 881.16 | 964.64 | OK | |
r-release-macos-arm64 | 0.4-4 | 125.00 | NOTE | |||
r-release-macos-x86_64 | 0.4-4 | 157.00 | NOTE | |||
r-release-windows-x86_64 | 0.4-4 | 100.00 | 334.00 | 434.00 | OK | |
r-oldrel-macos-arm64 | 0.4-4 | 121.00 | NOTE | |||
r-oldrel-macos-x86_64 | 0.4-4 | 149.00 | NOTE | |||
r-oldrel-windows-ix86+x86_64 | 0.4-4 | 239.00 | 369.00 | 608.00 | WARN |
Version: 0.4-4
Check: C++ specification
Result: NOTE
Specified C++11: please update to current default of C++17
Flavors: r-devel-linux-x86_64-debian-gcc, r-devel-linux-x86_64-fedora-gcc, r-devel-windows-x86_64
Version: 0.4-4
Check: installed package size
Result: NOTE
installed size is 6.0Mb
sub-directories of 1Mb or more:
doc 1.1Mb
libs 3.8Mb
Flavors: r-release-macos-arm64, r-release-macos-x86_64, r-oldrel-macos-arm64, r-oldrel-macos-x86_64
Version: 0.4-4
Check: for unstated dependencies in ‘tests’
Result: WARN
Warning: unable to access index for repository https://bioconductor.org/packages/3.14/bioc/src/contrib:
cannot open URL 'https://bioconductor.org/packages/3.14/bioc/src/contrib/PACKAGES'
Warning: unable to access index for repository https://bioconductor.org/packages/3.14/data/annotation/src/contrib:
cannot open URL 'https://bioconductor.org/packages/3.14/data/annotation/src/contrib/PACKAGES'
Warning: unable to access index for repository https://bioconductor.org/packages/3.14/data/experiment/src/contrib:
cannot open URL 'https://bioconductor.org/packages/3.14/data/experiment/src/contrib/PACKAGES'
Flavor: r-oldrel-windows-ix86+x86_64