Last updated on 2023-02-01 03:54:17 CET.
Flavor | Version | Tinstall | Tcheck | Ttotal | Status | Flags |
---|---|---|---|---|---|---|
r-devel-linux-x86_64-debian-clang | 1.0.0 | 3.49 | 35.68 | 39.17 | NOTE | |
r-devel-linux-x86_64-debian-gcc | 1.0.0 | 3.83 | 27.68 | 31.51 | NOTE | |
r-devel-linux-x86_64-fedora-clang | 1.0.0 | 51.54 | NOTE | |||
r-devel-linux-x86_64-fedora-gcc | 1.0.0 | 46.69 | NOTE | |||
r-devel-windows-x86_64 | 1.0.0 | 50.00 | 76.00 | 126.00 | NOTE | |
r-patched-linux-x86_64 | 1.0.0 | 6.35 | 34.08 | 40.43 | NOTE | |
r-release-linux-x86_64 | 1.0.0 | 4.34 | 33.39 | 37.73 | NOTE | |
r-release-macos-arm64 | 1.0.0 | 17.00 | NOTE | |||
r-release-macos-x86_64 | 1.0.0 | 27.00 | NOTE | |||
r-release-windows-x86_64 | 1.0.0 | 48.00 | 72.00 | 120.00 | NOTE | |
r-oldrel-macos-arm64 | 1.0.0 | 23.00 | NOTE | |||
r-oldrel-macos-x86_64 | 1.0.0 | 33.00 | NOTE | |||
r-oldrel-windows-ix86+x86_64 | 1.0.0 | 10.00 | 61.00 | 71.00 | NOTE |
Version: 1.0.0
Check: LazyData
Result: NOTE
'LazyData' is specified without a 'data' directory
Flavors: r-devel-linux-x86_64-debian-clang, r-devel-linux-x86_64-debian-gcc, r-devel-linux-x86_64-fedora-clang, r-devel-linux-x86_64-fedora-gcc, r-devel-windows-x86_64, r-patched-linux-x86_64, r-release-linux-x86_64, r-release-macos-arm64, r-release-macos-x86_64, r-release-windows-x86_64, r-oldrel-macos-arm64, r-oldrel-macos-x86_64, r-oldrel-windows-ix86+x86_64