Last updated on 2023-01-31 04:06:23 CET.
Flavor | Version | Tinstall | Tcheck | Ttotal | Status | Flags |
---|---|---|---|---|---|---|
r-devel-linux-x86_64-debian-clang | 0.1.0 | 5.17 | 42.91 | 48.08 | OK | |
r-devel-linux-x86_64-debian-gcc | 0.1.0 | 3.75 | 33.29 | 37.04 | OK | |
r-devel-linux-x86_64-fedora-clang | 0.1.0 | 60.13 | NOTE | |||
r-devel-linux-x86_64-fedora-gcc | 0.1.0 | 69.51 | NOTE | |||
r-devel-windows-x86_64 | 0.1.0 | 14.00 | 80.00 | 94.00 | OK | |
r-patched-linux-x86_64 | 0.1.0 | 4.20 | 42.07 | 46.27 | OK | |
r-release-linux-x86_64 | 0.1.0 | 3.68 | 42.79 | 46.47 | OK | |
r-release-macos-arm64 | 0.1.0 | 23.00 | NOTE | |||
r-release-macos-x86_64 | 0.1.0 | 29.00 | NOTE | |||
r-release-windows-x86_64 | 0.1.0 | 15.00 | 87.00 | 102.00 | OK | |
r-oldrel-macos-arm64 | 0.1.0 | 29.00 | NOTE | |||
r-oldrel-macos-x86_64 | 0.1.0 | 39.00 | NOTE | |||
r-oldrel-windows-ix86+x86_64 | 0.1.0 | 10.00 | 67.00 | 77.00 | OK |
Version: 0.1.0
Check: dependencies in R code
Result: NOTE
Namespaces in Imports field not imported from:
‘MASS’ ‘Matrix’
All declared Imports should be used.
Flavors: r-devel-linux-x86_64-fedora-clang, r-devel-linux-x86_64-fedora-gcc, r-release-macos-arm64, r-release-macos-x86_64, r-oldrel-macos-arm64, r-oldrel-macos-x86_64