CRAN Package Check Results for Package HierPortfolios

Last updated on 2022-11-27 03:57:50 CET.

Flavor Version Tinstall Tcheck Ttotal Status Flags
r-devel-linux-x86_64-debian-clang 0.1.0 1.64 25.22 26.86 OK
r-devel-linux-x86_64-debian-gcc 0.1.0 1.64 19.72 21.36 OK
r-devel-linux-x86_64-fedora-clang 0.1.0 45.05 NOTE
r-devel-linux-x86_64-fedora-gcc 0.1.0 43.39 NOTE
r-devel-windows-x86_64 0.1.0 11.00 58.00 69.00 OK
r-patched-linux-x86_64 0.1.0 2.51 23.86 26.37 OK
r-release-linux-x86_64 0.1.0 1.78 24.41 26.19 OK
r-release-macos-arm64 0.1.0 17.00 NOTE
r-release-macos-x86_64 0.1.0 27.00 NOTE
r-release-windows-x86_64 0.1.0 22.00 58.00 80.00 OK
r-oldrel-macos-arm64 0.1.0 16.00 NOTE
r-oldrel-macos-x86_64 0.1.0 23.00 NOTE
r-oldrel-windows-ix86+x86_64 0.1.0 6.00 48.00 54.00 OK

Check Details

Version: 0.1.0
Check: dependencies in R code
Result: NOTE
    Namespace in Imports field not imported from: ‘RiskPortfolios’
     All declared Imports should be used.
Flavors: r-devel-linux-x86_64-fedora-clang, r-devel-linux-x86_64-fedora-gcc, r-release-macos-arm64, r-release-macos-x86_64, r-oldrel-macos-arm64, r-oldrel-macos-x86_64