Last updated on 2023-02-06 03:54:34 CET.
Flavor | Version | Tinstall | Tcheck | Ttotal | Status | Flags |
---|---|---|---|---|---|---|
r-devel-linux-x86_64-debian-clang | 2.1 | 6.12 | 67.47 | 73.59 | OK | |
r-devel-linux-x86_64-debian-gcc | 2.1 | 5.89 | 50.19 | 56.08 | OK | |
r-devel-linux-x86_64-fedora-clang | 2.1 | 100.82 | NOTE | |||
r-devel-linux-x86_64-fedora-gcc | 2.1 | 101.17 | NOTE | |||
r-devel-windows-x86_64 | 2.1 | 12.00 | 107.00 | 119.00 | OK | |
r-patched-linux-x86_64 | 2.1 | 5.94 | 63.63 | 69.57 | OK | |
r-release-linux-x86_64 | 2.1 | 6.81 | 64.41 | 71.22 | OK | |
r-release-macos-arm64 | 2.1 | 32.00 | NOTE | |||
r-release-macos-x86_64 | 2.1 | 63.00 | NOTE | |||
r-release-windows-x86_64 | 2.1 | 18.00 | 123.00 | 141.00 | OK | |
r-oldrel-macos-arm64 | 2.1 | 37.00 | NOTE | |||
r-oldrel-macos-x86_64 | 2.1 | 46.00 | NOTE | |||
r-oldrel-windows-ix86+x86_64 | 2.1 | 17.00 | 100.00 | 117.00 | OK |
Version: 2.1
Check: dependencies in R code
Result: NOTE
Namespace in Imports field not imported from: ‘kableExtra’
All declared Imports should be used.
Flavors: r-devel-linux-x86_64-fedora-clang, r-devel-linux-x86_64-fedora-gcc, r-release-macos-arm64, r-release-macos-x86_64, r-oldrel-macos-arm64, r-oldrel-macos-x86_64