CRAN Package Check Results for Package IOHanalyzer

Last updated on 2022-08-08 04:50:42 CEST.

Flavor Version Tinstall Tcheck Ttotal Status Flags
r-devel-linux-x86_64-debian-clang 0.1.6.3 47.97 145.58 193.55 OK
r-devel-linux-x86_64-debian-gcc 0.1.6.3 37.36 103.30 140.66 OK
r-devel-linux-x86_64-fedora-clang 0.1.6.3 250.10 NOTE
r-devel-linux-x86_64-fedora-gcc 0.1.6.3 237.59 NOTE
r-devel-windows-x86_64 0.1.6.3 258.00 191.00 449.00 OK
r-patched-linux-x86_64 0.1.6.3 41.94 128.79 170.73 OK
r-release-linux-x86_64 0.1.6.3 OK
r-release-macos-arm64 0.1.6.3 61.00 NOTE
r-release-macos-x86_64 0.1.6.3 118.00 NOTE
r-release-windows-x86_64 0.1.6.3 264.00 199.00 463.00 OK
r-oldrel-macos-arm64 0.1.6.3 51.00 NOTE
r-oldrel-macos-x86_64 0.1.6.3 83.00 NOTE
r-oldrel-windows-ix86+x86_64 0.1.6.3 111.00 251.00 362.00 NOTE

Check Details

Version: 0.1.6.3
Check: data for non-ASCII characters
Result: NOTE
     Note: found 102 marked UTF-8 strings
Flavors: r-devel-linux-x86_64-fedora-clang, r-devel-linux-x86_64-fedora-gcc, r-release-macos-arm64, r-release-macos-x86_64, r-oldrel-macos-arm64, r-oldrel-macos-x86_64

Version: 0.1.6.3
Check: package dependencies
Result: NOTE
    Package suggested but not available for checking: ‘ComplexHeatmap’
Flavor: r-release-macos-arm64

Version: 0.1.6.3
Check: installed package size
Result: NOTE
     installed size is 5.2Mb
     sub-directories of 1Mb or more:
     data 1.4Mb
     libs 2.1Mb
Flavors: r-oldrel-macos-arm64, r-oldrel-windows-ix86+x86_64