CRAN Package Check Results for Package IPCAPS

Last updated on 2022-09-29 04:58:17 CEST.

Flavor Version Tinstall Tcheck Ttotal Status Flags
r-devel-linux-x86_64-debian-clang 1.1.8 16.34 191.93 208.27 OK
r-devel-linux-x86_64-debian-gcc 1.1.8 10.48 142.73 153.21 OK
r-devel-linux-x86_64-fedora-clang 1.1.8 265.19 NOTE
r-devel-linux-x86_64-fedora-gcc 1.1.8 265.52 NOTE
r-devel-windows-x86_64 1.1.8 35.00 212.00 247.00 OK
r-patched-linux-x86_64 1.1.8 12.31 182.64 194.95 OK
r-release-linux-x86_64 1.1.8 12.99 181.93 194.92 OK
r-release-macos-arm64 1.1.8 73.00 NOTE
r-release-macos-x86_64 1.1.8 98.00 NOTE
r-release-windows-x86_64 1.1.8 23.00 205.00 228.00 OK
r-oldrel-macos-arm64 1.1.8 79.00 NOTE
r-oldrel-macos-x86_64 1.1.8 108.00 NOTE
r-oldrel-windows-ix86+x86_64 1.1.8 32.00 209.00 241.00 OK

Check Details

Version: 1.1.8
Check: dependencies in R code
Result: NOTE
    Namespaces in Imports field not imported from:
     ‘Matrix’ ‘expm’
     All declared Imports should be used.
Flavors: r-devel-linux-x86_64-fedora-clang, r-devel-linux-x86_64-fedora-gcc, r-release-macos-arm64, r-release-macos-x86_64, r-oldrel-macos-arm64, r-oldrel-macos-x86_64