CRAN Package Check Results for Package IncDTW

Last updated on 2022-11-29 03:56:13 CET.

Flavor Version Tinstall Tcheck Ttotal Status Flags
r-devel-linux-x86_64-debian-clang 1.1.4.4 118.27 101.50 219.77 NOTE
r-devel-linux-x86_64-debian-gcc 1.1.4.4 94.49 75.04 169.53 NOTE
r-devel-linux-x86_64-fedora-clang 1.1.4.4 328.25 NOTE
r-devel-linux-x86_64-fedora-gcc 1.1.4.4 301.96 NOTE
r-devel-windows-x86_64 1.1.4.4 241.00 147.00 388.00 NOTE
r-patched-linux-x86_64 1.1.4.4 109.41 93.37 202.78 NOTE
r-release-linux-x86_64 1.1.4.4 101.30 94.46 195.76 NOTE
r-release-macos-arm64 1.1.4.4 69.00 NOTE
r-release-macos-x86_64 1.1.4.4 118.00 NOTE
r-release-windows-x86_64 1.1.4.4 121.00 148.00 269.00 NOTE
r-oldrel-macos-arm64 1.1.4.4 67.00 NOTE
r-oldrel-macos-x86_64 1.1.4.4 95.00 NOTE
r-oldrel-windows-ix86+x86_64 1.1.4.4 296.00 180.00 476.00 WARN

Check Details

Version: 1.1.4.4
Check: for GNU extensions in Makefiles
Result: NOTE
    GNU make is a SystemRequirements.
Flavors: r-devel-linux-x86_64-debian-clang, r-devel-linux-x86_64-debian-gcc, r-devel-linux-x86_64-fedora-clang, r-devel-linux-x86_64-fedora-gcc, r-devel-windows-x86_64, r-patched-linux-x86_64, r-release-linux-x86_64, r-release-macos-arm64, r-release-macos-x86_64, r-release-windows-x86_64, r-oldrel-macos-arm64, r-oldrel-macos-x86_64, r-oldrel-windows-ix86+x86_64

Version: 1.1.4.4
Check: installed package size
Result: NOTE
     installed size is 7.0Mb
     sub-directories of 1Mb or more:
     libs 5.3Mb
Flavors: r-release-macos-arm64, r-release-macos-x86_64, r-oldrel-macos-arm64, r-oldrel-macos-x86_64

Version: 1.1.4.4
Check: for unstated dependencies in ‘tests’
Result: WARN
    Warning: unable to access index for repository https://bioconductor.org/packages/3.14/bioc/src/contrib:
     cannot open URL 'https://bioconductor.org/packages/3.14/bioc/src/contrib/PACKAGES'
    Warning: unable to access index for repository https://bioconductor.org/packages/3.14/data/annotation/src/contrib:
     cannot open URL 'https://bioconductor.org/packages/3.14/data/annotation/src/contrib/PACKAGES'
    Warning: unable to access index for repository https://bioconductor.org/packages/3.14/data/experiment/src/contrib:
     cannot open URL 'https://bioconductor.org/packages/3.14/data/experiment/src/contrib/PACKAGES'
Flavor: r-oldrel-windows-ix86+x86_64