Last updated on 2022-08-18 04:56:27 CEST.
Flavor | Version | Tinstall | Tcheck | Ttotal | Status | Flags |
---|---|---|---|---|---|---|
r-devel-linux-x86_64-debian-clang | 0.0.0.2 | 1.46 | 23.80 | 25.26 | NOTE | |
r-devel-linux-x86_64-debian-gcc | 0.0.0.2 | 1.75 | 18.80 | 20.55 | NOTE | |
r-devel-linux-x86_64-fedora-clang | 0.0.0.2 | 42.81 | NOTE | |||
r-devel-linux-x86_64-fedora-gcc | 0.0.0.2 | 43.12 | NOTE | |||
r-devel-windows-x86_64 | 0.0.0.2 | 14.00 | 55.00 | 69.00 | NOTE | |
r-patched-linux-x86_64 | 0.0.0.2 | 1.57 | 22.86 | 24.43 | NOTE | |
r-release-linux-x86_64 | 0.0.0.2 | 2.01 | 23.13 | 25.14 | NOTE | |
r-release-macos-arm64 | 0.0.0.2 | 15.00 | NOTE | |||
r-release-macos-x86_64 | 0.0.0.2 | 27.00 | NOTE | |||
r-release-windows-x86_64 | 0.0.0.2 | 41.00 | 49.00 | 90.00 | NOTE | |
r-oldrel-macos-arm64 | 0.0.0.2 | 18.00 | NOTE | |||
r-oldrel-macos-x86_64 | 0.0.0.2 | 26.00 | NOTE | |||
r-oldrel-windows-ix86+x86_64 | 0.0.0.2 | 5.00 | 46.00 | 51.00 | NOTE |
Version: 0.0.0.2
Check: LazyData
Result: NOTE
'LazyData' is specified without a 'data' directory
Flavors: r-devel-linux-x86_64-debian-clang, r-devel-linux-x86_64-debian-gcc, r-devel-linux-x86_64-fedora-clang, r-devel-linux-x86_64-fedora-gcc, r-devel-windows-x86_64, r-patched-linux-x86_64, r-release-linux-x86_64, r-release-macos-arm64, r-release-macos-x86_64, r-release-windows-x86_64, r-oldrel-macos-arm64, r-oldrel-macos-x86_64, r-oldrel-windows-ix86+x86_64