CRAN Package Check Results for Package JustifyAlpha

Last updated on 2022-12-05 03:55:02 CET.

Flavor Version Tinstall Tcheck Ttotal Status Flags
r-devel-linux-x86_64-debian-clang 0.1.1 3.41 144.64 148.05 OK
r-devel-linux-x86_64-debian-gcc 0.1.1 2.64 105.19 107.83 OK
r-devel-linux-x86_64-fedora-clang 0.1.1 187.71 NOTE
r-devel-linux-x86_64-fedora-gcc 0.1.1 188.17 NOTE
r-devel-windows-x86_64 0.1.1 20.00 185.00 205.00 OK
r-patched-linux-x86_64 0.1.1 2.25 137.27 139.52 OK
r-release-linux-x86_64 0.1.1 2.56 141.39 143.95 OK
r-release-macos-arm64 0.1.1 50.00 NOTE
r-release-macos-x86_64 0.1.1 80.00 NOTE
r-release-windows-x86_64 0.1.1 12.00 195.00 207.00 OK
r-oldrel-macos-arm64 0.1.1 45.00 NOTE
r-oldrel-macos-x86_64 0.1.1 62.00 NOTE
r-oldrel-windows-ix86+x86_64 0.1.1 11.00 177.00 188.00 OK

Check Details

Version: 0.1.1
Check: dependencies in R code
Result: NOTE
    Namespaces in Imports field not imported from:
     ‘Superpower’ ‘pwr’ ‘shinydashboard’
     All declared Imports should be used.
Flavors: r-devel-linux-x86_64-fedora-clang, r-devel-linux-x86_64-fedora-gcc, r-release-macos-arm64, r-release-macos-x86_64, r-oldrel-macos-arm64, r-oldrel-macos-x86_64