CRAN Package Check Results for Package KneeArrower

Last updated on 2022-11-30 03:58:26 CET.

Flavor Version Tinstall Tcheck Ttotal Status Flags
r-devel-linux-x86_64-debian-clang 1.0.0 1.91 27.67 29.58 NOTE
r-devel-linux-x86_64-debian-gcc 1.0.0 1.63 21.42 23.05 NOTE
r-devel-linux-x86_64-fedora-clang 1.0.0 47.64 NOTE
r-devel-linux-x86_64-fedora-gcc 1.0.0 48.34 NOTE
r-devel-windows-x86_64 1.0.0 16.00 58.00 74.00 NOTE
r-patched-linux-x86_64 1.0.0 2.08 26.20 28.28 NOTE
r-release-linux-x86_64 1.0.0 1.73 26.64 28.37 NOTE
r-release-macos-arm64 1.0.0 17.00 NOTE
r-release-macos-x86_64 1.0.0 25.00 NOTE
r-release-windows-x86_64 1.0.0 11.00 59.00 70.00 NOTE
r-oldrel-macos-arm64 1.0.0 18.00 NOTE
r-oldrel-macos-x86_64 1.0.0 28.00 NOTE
r-oldrel-windows-ix86+x86_64 1.0.0 5.00 53.00 58.00 NOTE

Check Details

Version: 1.0.0
Check: LazyData
Result: NOTE
     'LazyData' is specified without a 'data' directory
Flavors: r-devel-linux-x86_64-debian-clang, r-devel-linux-x86_64-debian-gcc, r-devel-linux-x86_64-fedora-clang, r-devel-linux-x86_64-fedora-gcc, r-devel-windows-x86_64, r-patched-linux-x86_64, r-release-linux-x86_64, r-release-macos-arm64, r-release-macos-x86_64, r-release-windows-x86_64, r-oldrel-macos-arm64, r-oldrel-macos-x86_64, r-oldrel-windows-ix86+x86_64