CRAN Package Check Results for Package LCAvarsel

Last updated on 2022-12-05 03:55:03 CET.

Flavor Version Tinstall Tcheck Ttotal Status Flags
r-devel-linux-x86_64-debian-clang 1.1 4.26 39.33 43.59 NOTE
r-devel-linux-x86_64-debian-gcc 1.1 3.08 29.79 32.87 NOTE
r-devel-linux-x86_64-fedora-clang 1.1 63.19 NOTE
r-devel-linux-x86_64-fedora-gcc 1.1 63.36 NOTE
r-devel-windows-x86_64 1.1 14.00 70.00 84.00 NOTE
r-patched-linux-x86_64 1.1 6.57 36.75 43.32 NOTE
r-release-linux-x86_64 1.1 2.92 38.86 41.78 NOTE
r-release-macos-arm64 1.1 21.00 NOTE
r-release-macos-x86_64 1.1 27.00 NOTE
r-release-windows-x86_64 1.1 12.00 78.00 90.00 NOTE
r-oldrel-macos-arm64 1.1 25.00 NOTE
r-oldrel-macos-x86_64 1.1 35.00 NOTE
r-oldrel-windows-ix86+x86_64 1.1 10.00 62.00 72.00 NOTE

Check Details

Version: 1.1
Check: LazyData
Result: NOTE
     'LazyData' is specified without a 'data' directory
Flavors: r-devel-linux-x86_64-debian-clang, r-devel-linux-x86_64-debian-gcc, r-devel-linux-x86_64-fedora-clang, r-devel-linux-x86_64-fedora-gcc, r-devel-windows-x86_64, r-patched-linux-x86_64, r-release-linux-x86_64, r-release-macos-arm64, r-release-macos-x86_64, r-release-windows-x86_64, r-oldrel-macos-arm64, r-oldrel-macos-x86_64, r-oldrel-windows-ix86+x86_64

Version: 1.1
Check: dependencies in R code
Result: NOTE
    Namespace in Imports field not imported from: ‘doParallel’
     All declared Imports should be used.
Flavors: r-devel-linux-x86_64-fedora-clang, r-devel-linux-x86_64-fedora-gcc, r-release-macos-arm64, r-release-macos-x86_64, r-oldrel-macos-arm64, r-oldrel-macos-x86_64