CRAN Package Check Results for Package LDNN

Last updated on 2022-12-01 04:00:35 CET.

Flavor Version Tinstall Tcheck Ttotal Status Flags
r-devel-linux-x86_64-debian-clang 1.10 8.27 81.98 90.25 NOTE
r-devel-linux-x86_64-debian-gcc 1.10 8.13 64.81 72.94 NOTE
r-devel-linux-x86_64-fedora-clang 1.10 124.49 NOTE
r-devel-linux-x86_64-fedora-gcc 1.10 127.24 NOTE
r-devel-windows-x86_64 1.10 12.00 107.00 119.00 NOTE
r-patched-linux-x86_64 1.10 9.03 80.59 89.62 NOTE
r-release-linux-x86_64 1.10 8.68 81.04 89.72 NOTE
r-release-macos-arm64 1.10 34.00 NOTE
r-release-macos-x86_64 1.10 75.00 NOTE
r-release-windows-x86_64 1.10 12.00 114.00 126.00 NOTE
r-oldrel-macos-arm64 1.10 41.00 NOTE
r-oldrel-macos-x86_64 1.10 64.00 NOTE
r-oldrel-windows-ix86+x86_64 1.10 23.00 104.00 127.00 NOTE

Check Details

Version: 1.10
Check: LazyData
Result: NOTE
     'LazyData' is specified without a 'data' directory
Flavors: r-devel-linux-x86_64-debian-clang, r-devel-linux-x86_64-debian-gcc, r-devel-linux-x86_64-fedora-clang, r-devel-linux-x86_64-fedora-gcc, r-devel-windows-x86_64, r-patched-linux-x86_64, r-release-linux-x86_64, r-release-macos-arm64, r-release-macos-x86_64, r-release-windows-x86_64, r-oldrel-macos-arm64, r-oldrel-macos-x86_64, r-oldrel-windows-ix86+x86_64

Version: 1.10
Check: dependencies in R code
Result: NOTE
    Namespaces in Imports field not imported from:
     ‘devtools’ ‘reticulate’ ‘tensorflow’
     All declared Imports should be used.
Flavors: r-devel-linux-x86_64-fedora-clang, r-devel-linux-x86_64-fedora-gcc, r-release-macos-arm64, r-release-macos-x86_64, r-oldrel-macos-arm64, r-oldrel-macos-x86_64