Last updated on 2023-12-02 03:57:44 CET.
Flavor | Version | Tinstall | Tcheck | Ttotal | Status | Flags |
---|---|---|---|---|---|---|
r-devel-linux-x86_64-debian-clang | 1.10 | 8.64 | 82.20 | 90.84 | NOTE | |
r-devel-linux-x86_64-debian-gcc | 1.10 | 7.76 | 62.23 | 69.99 | NOTE | |
r-devel-linux-x86_64-fedora-clang | 1.10 | 110.24 | NOTE | |||
r-devel-linux-x86_64-fedora-gcc | 1.10 | 118.99 | NOTE | |||
r-devel-windows-x86_64 | 1.10 | 9.00 | 80.00 | 89.00 | NOTE | |
r-patched-linux-x86_64 | 1.10 | 6.25 | 80.56 | 86.81 | NOTE | |
r-release-linux-x86_64 | 1.10 | 5.71 | 79.14 | 84.85 | NOTE | |
r-release-macos-arm64 | 1.10 | 44.00 | NOTE | |||
r-release-macos-x86_64 | 1.10 | 79.00 | NOTE | |||
r-release-windows-x86_64 | 1.10 | 11.00 | 92.00 | 103.00 | NOTE | |
r-oldrel-macos-arm64 | 1.10 | 34.00 | NOTE | |||
r-oldrel-macos-x86_64 | 1.10 | 75.00 | NOTE | |||
r-oldrel-windows-x86_64 | 1.10 | 12.00 | 95.00 | 107.00 | NOTE |
Version: 1.10
Check: LazyData
Result: NOTE
'LazyData' is specified without a 'data' directory
Flavors: r-devel-linux-x86_64-debian-clang, r-devel-linux-x86_64-debian-gcc, r-devel-linux-x86_64-fedora-clang, r-devel-linux-x86_64-fedora-gcc, r-devel-windows-x86_64, r-patched-linux-x86_64, r-release-linux-x86_64, r-release-macos-arm64, r-release-macos-x86_64, r-release-windows-x86_64, r-oldrel-macos-arm64, r-oldrel-macos-x86_64, r-oldrel-windows-x86_64
Version: 1.10
Check: dependencies in R code
Result: NOTE
Namespaces in Imports field not imported from:
‘devtools’ ‘reticulate’ ‘tensorflow’
All declared Imports should be used.
Flavors: r-devel-linux-x86_64-fedora-clang, r-devel-linux-x86_64-fedora-gcc, r-oldrel-macos-arm64, r-oldrel-macos-x86_64