CRAN Package Check Results for Package LaplacesDemon

Last updated on 2022-10-04 04:50:33 CEST.

Flavor Version Tinstall Tcheck Ttotal Status Flags
r-devel-linux-x86_64-debian-clang 16.1.6 49.86 304.29 354.15 NOTE
r-devel-linux-x86_64-debian-gcc 16.1.6 39.98 220.32 260.30 NOTE
r-devel-linux-x86_64-fedora-clang 16.1.6 451.97 NOTE
r-devel-linux-x86_64-fedora-gcc 16.1.6 453.49 NOTE
r-devel-windows-x86_64 16.1.6 299.00 417.00 716.00 NOTE
r-patched-linux-x86_64 16.1.6 56.38 277.21 333.59 OK
r-release-linux-x86_64 16.1.6 47.14 282.72 329.86 OK
r-release-macos-arm64 16.1.6 92.00 NOTE
r-release-macos-x86_64 16.1.6 139.00 OK
r-release-windows-x86_64 16.1.6 453.00 392.00 845.00 OK
r-oldrel-macos-arm64 16.1.6 118.00 NOTE
r-oldrel-macos-x86_64 16.1.6 158.00 OK
r-oldrel-windows-ix86+x86_64 16.1.6 73.00 303.00 376.00 OK

Check Details

Version: 16.1.6
Check: Rd files
Result: NOTE
    checkRd: (-1) LaplaceApproximation.Rd:485: Escaped LaTeX specials: \&
    checkRd: (-1) LossMatrix.Rd:115: Escaped LaTeX specials: \&
    checkRd: (-1) LossMatrix.Rd:117: Escaped LaTeX specials: \&
Flavors: r-devel-linux-x86_64-debian-clang, r-devel-linux-x86_64-debian-gcc, r-devel-linux-x86_64-fedora-clang, r-devel-linux-x86_64-fedora-gcc, r-devel-windows-x86_64

Version: 16.1.6
Check: installed package size
Result: NOTE
     installed size is 5.4Mb
     sub-directories of 1Mb or more:
     R 2.1Mb
     doc 1.7Mb
     help 1.1Mb
Flavors: r-release-macos-arm64, r-oldrel-macos-arm64