CRAN Package Check Results for Package LearnGeom

Last updated on 2023-12-08 04:03:15 CET.

Flavor Version Tinstall Tcheck Ttotal Status Flags
r-devel-linux-x86_64-debian-clang 1.5 4.37 33.08 37.45 NOTE
r-devel-linux-x86_64-debian-gcc 1.5 3.34 25.13 28.47 NOTE
r-devel-linux-x86_64-fedora-clang 1.5 46.54 NOTE
r-devel-linux-x86_64-fedora-gcc 1.5 44.64 NOTE
r-devel-windows-x86_64 1.5 5.00 54.00 59.00 NOTE
r-patched-linux-x86_64 1.5 4.53 32.62 37.15 NOTE
r-release-linux-x86_64 1.5 3.43 32.26 35.69 NOTE
r-release-macos-arm64 1.5 19.00 NOTE
r-release-macos-x86_64 1.5 26.00 NOTE
r-release-windows-x86_64 1.5 4.00 56.00 60.00 NOTE
r-oldrel-macos-arm64 1.5 21.00 NOTE
r-oldrel-macos-x86_64 1.5 24.00 NOTE
r-oldrel-windows-x86_64 1.5 7.00 53.00 60.00 NOTE

Check Details

Version: 1.5
Check: LazyData
Result: NOTE 'LazyData' is specified without a 'data' directory Flavors: r-devel-linux-x86_64-debian-clang, r-devel-linux-x86_64-debian-gcc, r-devel-linux-x86_64-fedora-clang, r-devel-linux-x86_64-fedora-gcc, r-devel-windows-x86_64, r-patched-linux-x86_64, r-release-linux-x86_64, r-release-macos-arm64, r-release-macos-x86_64, r-release-windows-x86_64, r-oldrel-macos-arm64, r-oldrel-macos-x86_64, r-oldrel-windows-x86_64