CRAN Package Check Results for Package LearnGeom

Last updated on 2024-07-19 04:56:41 CEST.

Flavor Version Tinstall Tcheck Ttotal Status Flags
r-devel-linux-x86_64-debian-clang 1.5 3.94 33.82 37.76 NOTE
r-devel-linux-x86_64-debian-gcc 1.5 3.20 25.51 28.71 NOTE
r-devel-linux-x86_64-fedora-clang 1.5 48.67 NOTE
r-devel-linux-x86_64-fedora-gcc 1.5 45.29 NOTE
r-devel-windows-x86_64 1.5 4.00 54.00 58.00 NOTE
r-patched-linux-x86_64 1.5 4.86 31.75 36.61 NOTE
r-release-linux-x86_64 1.5 2.98 32.85 35.83 NOTE
r-release-macos-arm64 1.5 17.00 NOTE
r-release-macos-x86_64 1.5 32.00 NOTE
r-release-windows-x86_64 1.5 5.00 54.00 59.00 NOTE
r-oldrel-macos-arm64 1.5 19.00 NOTE
r-oldrel-macos-x86_64 1.5 26.00 NOTE
r-oldrel-windows-x86_64 1.5 6.00 57.00 63.00 NOTE

Check Details

Version: 1.5
Check: LazyData
Result: NOTE 'LazyData' is specified without a 'data' directory Flavors: r-devel-linux-x86_64-debian-clang, r-devel-linux-x86_64-debian-gcc, r-devel-linux-x86_64-fedora-clang, r-devel-linux-x86_64-fedora-gcc, r-devel-windows-x86_64, r-patched-linux-x86_64, r-release-linux-x86_64, r-release-macos-arm64, r-release-macos-x86_64, r-release-windows-x86_64, r-oldrel-macos-arm64, r-oldrel-macos-x86_64, r-oldrel-windows-x86_64