CRAN Package Check Results for Package LinearDetect

Last updated on 2022-10-04 04:50:33 CEST.

Flavor Version Tinstall Tcheck Ttotal Status Flags
r-devel-linux-x86_64-debian-clang 0.1.5 55.31 137.35 192.66 NOTE
r-devel-linux-x86_64-debian-gcc 0.1.5 43.81 98.71 142.52 NOTE
r-devel-linux-x86_64-fedora-clang 0.1.5 266.74 NOTE
r-devel-linux-x86_64-fedora-gcc 0.1.5 246.15 NOTE
r-devel-windows-x86_64 0.1.5 48.00 176.00 224.00 NOTE
r-patched-linux-x86_64 0.1.5 54.24 123.30 177.54 NOTE
r-release-linux-x86_64 0.1.5 48.06 127.68 175.74 NOTE
r-release-macos-arm64 0.1.5 59.00 NOTE
r-release-macos-x86_64 0.1.5 103.00 NOTE
r-release-windows-x86_64 0.1.5 64.00 171.00 235.00 NOTE
r-oldrel-macos-arm64 0.1.5 68.00 NOTE
r-oldrel-macos-x86_64 0.1.5 102.00 NOTE
r-oldrel-windows-ix86+x86_64 0.1.5 111.00 205.00 316.00 NOTE

Check Details

Version: 0.1.5
Check: LazyData
Result: NOTE
     'LazyData' is specified without a 'data' directory
Flavors: r-devel-linux-x86_64-debian-clang, r-devel-linux-x86_64-debian-gcc, r-devel-linux-x86_64-fedora-clang, r-devel-linux-x86_64-fedora-gcc, r-devel-windows-x86_64, r-patched-linux-x86_64, r-release-linux-x86_64, r-release-macos-arm64, r-release-macos-x86_64, r-release-windows-x86_64, r-oldrel-macos-arm64, r-oldrel-macos-x86_64, r-oldrel-windows-ix86+x86_64