Last updated on 2023-12-08 04:03:16 CET.
Flavor | Version | Tinstall | Tcheck | Ttotal | Status | Flags |
---|---|---|---|---|---|---|
r-devel-linux-x86_64-debian-clang | 1.1.1 | 37.95 | 49.38 | 87.33 | OK | |
r-devel-linux-x86_64-debian-gcc | 1.1.1 | 21.98 | 38.10 | 60.08 | OK | |
r-devel-linux-x86_64-fedora-clang | 1.1.1 | 113.42 | OK | |||
r-devel-linux-x86_64-fedora-gcc | 1.1.1 | 121.11 | OK | |||
r-devel-windows-x86_64 | 1.1.1 | 28.00 | 78.00 | 106.00 | NOTE | |
r-patched-linux-x86_64 | 1.1.1 | 25.46 | 49.90 | 75.36 | OK | |
r-release-linux-x86_64 | 1.1.1 | 26.56 | 47.95 | 74.51 | OK | |
r-release-macos-arm64 | 1.1.1 | 41.00 | NOTE | |||
r-release-macos-x86_64 | 1.1.1 | 60.00 | NOTE | |||
r-release-windows-x86_64 | 1.1.1 | 36.00 | 91.00 | 127.00 | NOTE | |
r-oldrel-macos-arm64 | 1.1.1 | 32.00 | NOTE | |||
r-oldrel-macos-x86_64 | 1.1.1 | 43.00 | NOTE | |||
r-oldrel-windows-x86_64 | 1.1.1 | 31.00 | 87.00 | 118.00 | NOTE |
Version: 1.1.1
Check: installed package size
Result: NOTE
installed size is 5.6Mb
sub-directories of 1Mb or more:
extdata 4.5Mb
libs 1.0Mb
Flavors: r-devel-windows-x86_64, r-release-macos-arm64, r-release-macos-x86_64, r-release-windows-x86_64, r-oldrel-macos-arm64, r-oldrel-macos-x86_64, r-oldrel-windows-x86_64