CRAN Package Check Results for Package M2SMF

Last updated on 2024-06-22 04:49:02 CEST.

Flavor Version Tinstall Tcheck Ttotal Status Flags
r-devel-linux-x86_64-debian-clang 2.0 3.41 50.28 53.69 NOTE
r-devel-linux-x86_64-debian-gcc 2.0 3.80 36.55 40.35 NOTE
r-devel-linux-x86_64-fedora-clang 2.0 71.95 NOTE
r-devel-linux-x86_64-fedora-gcc 2.0 79.31 NOTE
r-devel-windows-x86_64 2.0 6.00 60.00 66.00 NOTE
r-patched-linux-x86_64 2.0 4.91 47.97 52.88 NOTE
r-release-linux-x86_64 2.0 4.98 47.78 52.76 NOTE
r-release-macos-arm64 2.0 29.00 NOTE
r-release-macos-x86_64 2.0 44.00 NOTE
r-release-windows-x86_64 2.0 5.00 61.00 66.00 NOTE
r-oldrel-macos-arm64 2.0 32.00 NOTE
r-oldrel-macos-x86_64 2.0 44.00 NOTE
r-oldrel-windows-x86_64 2.0 7.00 65.00 72.00 NOTE

Check Details

Version: 2.0
Check: LazyData
Result: NOTE 'LazyData' is specified without a 'data' directory Flavors: r-devel-linux-x86_64-debian-clang, r-devel-linux-x86_64-debian-gcc, r-devel-linux-x86_64-fedora-clang, r-devel-linux-x86_64-fedora-gcc, r-devel-windows-x86_64, r-patched-linux-x86_64, r-release-linux-x86_64, r-release-macos-arm64, r-release-macos-x86_64, r-release-windows-x86_64, r-oldrel-macos-arm64, r-oldrel-macos-x86_64, r-oldrel-windows-x86_64