Last updated on 2023-12-09 04:01:58 CET.
Flavor | Version | Tinstall | Tcheck | Ttotal | Status | Flags |
---|---|---|---|---|---|---|
r-devel-linux-x86_64-debian-clang | 1.2.2 | 6.68 | 351.32 | 358.00 | OK | |
r-devel-linux-x86_64-debian-gcc | 1.2.2 | 6.22 | 240.87 | 247.09 | OK | |
r-devel-linux-x86_64-fedora-clang | 1.2.2 | 424.31 | NOTE | |||
r-devel-linux-x86_64-fedora-gcc | 1.2.2 | 435.15 | OK | |||
r-devel-windows-x86_64 | 1.2.2 | 8.00 | 469.00 | 477.00 | NOTE | |
r-patched-linux-x86_64 | 1.2.2 | 11.23 | 328.27 | 339.50 | OK | |
r-release-linux-x86_64 | 1.2.2 | 8.53 | 336.22 | 344.75 | OK | |
r-release-macos-arm64 | 1.2.2 | 123.00 | NOTE | |||
r-release-macos-x86_64 | 1.2.2 | 167.00 | NOTE | |||
r-release-windows-x86_64 | 1.2.2 | 11.00 | 519.00 | 530.00 | NOTE | |
r-oldrel-macos-arm64 | 1.2.2 | 120.00 | NOTE | |||
r-oldrel-macos-x86_64 | 1.2.2 | 144.00 | NOTE | |||
r-oldrel-windows-x86_64 | 1.2.2 | 11.00 | 474.00 | 485.00 | NOTE |
Version: 1.2.2
Check: installed package size
Result: NOTE
installed size is 5.2Mb
sub-directories of 1Mb or more:
data 1.2Mb
doc 3.5Mb
Flavors: r-devel-linux-x86_64-fedora-clang, r-devel-windows-x86_64, r-release-macos-arm64, r-release-macos-x86_64, r-release-windows-x86_64, r-oldrel-macos-arm64, r-oldrel-macos-x86_64, r-oldrel-windows-x86_64
Version: 1.2.2
Check: package dependencies
Result: NOTE
Package suggested but not available for checking: ‘DescTools’
Flavor: r-release-macos-x86_64