Last updated on 2023-12-10 04:00:01 CET.
Flavor | Version | Tinstall | Tcheck | Ttotal | Status | Flags |
---|---|---|---|---|---|---|
r-devel-linux-x86_64-debian-clang | 1.4.0 | 16.52 | 146.97 | 163.49 | NOTE | |
r-devel-linux-x86_64-debian-gcc | 1.4.0 | 13.64 | 107.34 | 120.98 | NOTE | |
r-devel-linux-x86_64-fedora-clang | 1.4.0 | 214.96 | OK | |||
r-devel-linux-x86_64-fedora-gcc | 1.4.0 | 203.20 | OK | |||
r-devel-windows-x86_64 | 1.4.0 | 15.00 | 120.00 | 135.00 | OK | |
r-patched-linux-x86_64 | 1.4.0 | 15.06 | 138.42 | 153.48 | OK | |
r-release-linux-x86_64 | 1.4.0 | 16.46 | 136.04 | 152.50 | OK | |
r-release-macos-arm64 | 1.4.0 | 62.00 | OK | |||
r-release-macos-x86_64 | 1.4.0 | 104.00 | OK | |||
r-release-windows-x86_64 | 1.4.0 | 19.00 | 146.00 | 165.00 | OK | |
r-oldrel-macos-arm64 | 1.4.0 | 55.00 | OK | |||
r-oldrel-macos-x86_64 | 1.4.0 | 75.00 | OK | |||
r-oldrel-windows-x86_64 | 1.4.0 | 20.00 | 142.00 | 162.00 | OK |
Version: 1.4.0
Check: Rd files
Result: NOTE
checkRd: (-1) MEDseq-package.Rd:33: Lost braces in \itemize; meant \describe ?
checkRd: (-1) MEDseq-package.Rd:34: Lost braces in \itemize; meant \describe ?
checkRd: (-1) MEDseq-package.Rd:35: Lost braces in \itemize; meant \describe ?
checkRd: (-1) MEDseq-package.Rd:36: Lost braces in \itemize; meant \describe ?
checkRd: (-1) MEDseq-package.Rd:37: Lost braces in \itemize; meant \describe ?
Flavors: r-devel-linux-x86_64-debian-clang, r-devel-linux-x86_64-debian-gcc