CRAN Package Check Results for Package MLDataR

Last updated on 2022-08-15 04:50:20 CEST.

Flavor Version Tinstall Tcheck Ttotal Status Flags
r-devel-linux-x86_64-debian-clang 0.1.3 1.89 49.05 50.94 OK
r-devel-linux-x86_64-debian-gcc 0.1.3 1.67 37.03 38.70 OK
r-devel-linux-x86_64-fedora-clang 0.1.3 76.23 NOTE
r-devel-linux-x86_64-fedora-gcc 0.1.3 73.38 NOTE
r-devel-windows-x86_64 0.1.3 12.00 77.00 89.00 OK
r-patched-linux-x86_64 0.1.3 2.82 46.40 49.22 OK
r-release-linux-x86_64 0.1.3 2.27 46.42 48.69 OK
r-release-macos-arm64 0.1.3 23.00 NOTE
r-release-macos-x86_64 0.1.3 39.00 NOTE
r-release-windows-x86_64 0.1.3 11.00 74.00 85.00 OK
r-oldrel-macos-arm64 0.1.3 27.00 NOTE
r-oldrel-macos-x86_64 0.1.3 31.00 NOTE
r-oldrel-windows-ix86+x86_64 0.1.3 9.00 74.00 83.00 OK

Check Details

Version: 0.1.3
Check: dependencies in R code
Result: NOTE
    Namespaces in Imports field not imported from:
     ‘ConfusionTableR’ ‘OddsPlotty’ ‘caret’ ‘dplyr’ ‘ggplot2’ ‘parsnip’
     ‘ranger’ ‘recipes’ ‘rsample’ ‘varhandle’ ‘workflows’
     All declared Imports should be used.
Flavors: r-devel-linux-x86_64-fedora-clang, r-devel-linux-x86_64-fedora-gcc, r-release-macos-arm64, r-release-macos-x86_64, r-oldrel-macos-arm64, r-oldrel-macos-x86_64